CRAN Package Check Results for Package IntClust

Last updated on 2018-05-20 20:47:54 CEST.

Flavor Version Tinstall Tcheck Ttotal Status Flags
r-devel-linux-x86_64-debian-clang 0.0.2 10.68 88.46 99.14 OK
r-devel-linux-x86_64-debian-gcc 0.0.2 11.87 68.79 80.66 OK
r-devel-linux-x86_64-fedora-clang 0.0.2 124.45 NOTE
r-devel-linux-x86_64-fedora-gcc 0.0.2 123.28 NOTE
r-devel-windows-ix86+x86_64 0.0.2 18.00 100.00 118.00 OK
r-patched-linux-x86_64 0.0.2 11.54 87.06 98.60 OK
r-patched-solaris-x86 0.0.2 152.10 NOTE
r-release-linux-x86_64 0.0.2 11.62 88.57 100.19 OK
r-release-windows-ix86+x86_64 0.0.2 14.00 105.00 119.00 OK
r-release-osx-x86_64 0.0.2 NOTE
r-oldrel-windows-ix86+x86_64 0.0.2 6.00 94.00 100.00 OK
r-oldrel-osx-x86_64 0.0.2 NOTE

Check Details

Version: 0.0.2
Check: dependencies in R code
Result: NOTE
    Namespace in Imports field not imported from: ‘prodlim’
     All declared Imports should be used.
Flavors: r-devel-linux-x86_64-fedora-clang, r-devel-linux-x86_64-fedora-gcc, r-patched-solaris-x86, r-release-osx-x86_64, r-oldrel-osx-x86_64

Version: 0.0.2
Check: package dependencies
Result: NOTE
    Packages suggested but not available for checking: ‘MLP’ ‘a4Base’
Flavor: r-release-osx-x86_64

Version: 0.0.2
Check: package dependencies
Result: NOTE
    Packages suggested but not available for checking:
     ‘MLP’ ‘org.Hs.eg.db’ ‘a4Base’
Flavor: r-oldrel-osx-x86_64