CRAN Package Check Results for Package IntClust

Last updated on 2018-11-18 10:50:02 CET.

Flavor Version Tinstall Tcheck Ttotal Status Flags
r-devel-linux-x86_64-debian-clang 0.1.0 19.84 179.42 199.26 OK
r-devel-linux-x86_64-debian-gcc 0.1.0 16.27 137.51 153.78 OK
r-devel-linux-x86_64-fedora-clang 0.1.0 229.84 OK
r-devel-linux-x86_64-fedora-gcc 0.1.0 226.04 OK
r-devel-windows-ix86+x86_64 0.1.0 39.00 239.00 278.00 OK
r-patched-linux-x86_64 0.1.0 19.16 162.91 182.07 OK
r-patched-solaris-x86 0.1.0 310.50 OK
r-release-linux-x86_64 0.1.0 20.19 162.94 183.13 OK
r-release-windows-ix86+x86_64 0.1.0 44.00 180.00 224.00 OK
r-release-osx-x86_64 0.1.0 NOTE
r-oldrel-windows-ix86+x86_64 0.1.0 19.00 279.00 298.00 OK
r-oldrel-osx-x86_64 0.1.0 NOTE

Check Details

Version: 0.1.0
Check: package dependencies
Result: NOTE
    Packages suggested but not available for checking: ‘MLP’ ‘a4Base’
Flavor: r-release-osx-x86_64

Version: 0.1.0
Check: package dependencies
Result: NOTE
    Packages suggested but not available for checking:
     ‘MLP’ ‘org.Hs.eg.db’ ‘a4Base’
Flavor: r-oldrel-osx-x86_64