CRAN Package Check Results for Package IntClust

Last updated on 2017-12-13 09:48:40 CET.

Flavor Version Tinstall Tcheck Ttotal Status Flags
r-devel-linux-x86_64-debian-clang 0.0.2 2.05 95.37 97.42 OK
r-devel-linux-x86_64-debian-gcc 0.0.2 1.80 72.37 74.17 OK
r-devel-linux-x86_64-fedora-clang 0.0.2 107.27 NOTE
r-devel-linux-x86_64-fedora-gcc 0.0.2 106.75 NOTE
r-devel-windows-ix86+x86_64 0.0.2 8.00 143.00 151.00 OK
r-patched-linux-x86_64 0.0.2 1.86 97.84 99.70 OK
r-patched-solaris-x86 0.0.2 128.60 NOTE
r-release-linux-x86_64 0.0.2 2.47 99.44 101.91 OK
r-release-windows-ix86+x86_64 0.0.2 5.00 105.00 110.00 OK
r-release-osx-x86_64 0.0.2 ERROR
r-oldrel-windows-ix86+x86_64 0.0.2 6.00 138.00 144.00 OK
r-oldrel-osx-x86_64 0.0.2 NOTE

Check Details

Version: 0.0.2
Check: dependencies in R code
Result: NOTE
    Namespace in Imports field not imported from: ‘prodlim’
     All declared Imports should be used.
Flavors: r-devel-linux-x86_64-fedora-clang, r-devel-linux-x86_64-fedora-gcc, r-patched-solaris-x86, r-oldrel-osx-x86_64

Version: 0.0.2
Check: package dependencies
Result: ERROR
    Package required but not available: ‘a4Core’
    
    Packages suggested but not available for checking:
     ‘MLP’ ‘biomaRt’ ‘org.Hs.eg.db’ ‘a4Base’
    
    See section ‘The DESCRIPTION file’ in the ‘Writing R Extensions’
    manual.
Flavor: r-release-osx-x86_64