CRAN Package Check Results for Package HydeNet

Last updated on 2019-06-15 21:54:31 CEST.

Flavor Version Tinstall Tcheck Ttotal Status Flags
r-devel-linux-x86_64-debian-clang 0.10.9 7.47 92.57 100.04 OK
r-devel-linux-x86_64-debian-gcc 0.10.9 6.82 71.87 78.69 OK
r-devel-linux-x86_64-fedora-clang 0.10.9 117.70 OK
r-devel-linux-x86_64-fedora-gcc 0.10.9 113.79 OK
r-devel-windows-ix86+x86_64 0.10.9 20.00 145.00 165.00 WARN
r-patched-linux-x86_64 0.10.9 7.21 90.70 97.91 OK
r-patched-solaris-x86 0.10.9 188.70 OK
r-release-linux-x86_64 0.10.9 7.20 90.57 97.77 OK
r-release-windows-ix86+x86_64 0.10.9 16.00 116.00 132.00 WARN
r-release-osx-x86_64 0.10.9 OK
r-oldrel-windows-ix86+x86_64 0.10.9 9.00 135.00 144.00 WARN
r-oldrel-osx-x86_64 0.10.9 OK

Check Details

Version: 0.10.9
Check: re-building of vignette outputs
Result: WARN
    Error(s) in re-building vignettes:
    --- re-building 'DecisionNetworks.Rmd' using rmarkdown
    Warning in engine$weave(file, quiet = quiet, encoding = enc) :
     The vignette engine knitr::rmarkdown is not available, because the rmarkdown package is not installed. Please install it.
    Loading required package: nnet
    --- finished re-building 'DecisionNetworks.Rmd'
    
    --- re-building 'GettingStartedWithHydeNet.Rmd' using rmarkdown
    Warning in engine$weave(file, quiet = quiet, encoding = enc) :
     The vignette engine knitr::rmarkdown is not available, because the rmarkdown package is not installed. Please install it.
    --- finished re-building 'GettingStartedWithHydeNet.Rmd'
    
    --- re-building 'HydeNetPlots.Rmd' using rmarkdown
    Warning in engine$weave(file, quiet = quiet, encoding = enc) :
     The vignette engine knitr::rmarkdown is not available, because the rmarkdown package is not installed. Please install it.
    Quitting from lines 158-167 (HydeNetPlots.Rmd)
    Error: processing vignette 'HydeNetPlots.Rmd' failed with diagnostics:
    Blackjack rules URL does not exist. Find a new link
    --- failed re-building 'HydeNetPlots.Rmd'
    
    --- re-building 'WorkingWithHydeNetObjects.Rmd' using rmarkdown
    Warning in engine$weave(file, quiet = quiet, encoding = enc) :
     The vignette engine knitr::rmarkdown is not available, because the rmarkdown package is not installed. Please install it.
    --- finished re-building 'WorkingWithHydeNetObjects.Rmd'
    
    SUMMARY: processing the following file failed:
     'HydeNetPlots.Rmd'
    
    Error: Vignette re-building failed.
    Execution halted
Flavors: r-devel-windows-ix86+x86_64, r-release-windows-ix86+x86_64

Version: 0.10.9
Check: re-building of vignette outputs
Result: WARN
    Error in re-building vignettes:
     ...
    Warning in engine$weave(file, quiet = quiet, encoding = enc) :
     The vignette engine knitr::rmarkdown is not available, because the rmarkdown package is not installed. Please install it.
    Loading required package: nnet
    Warning in engine$weave(file, quiet = quiet, encoding = enc) :
     The vignette engine knitr::rmarkdown is not available, because the rmarkdown package is not installed. Please install it.
    Warning in engine$weave(file, quiet = quiet, encoding = enc) :
     The vignette engine knitr::rmarkdown is not available, because the rmarkdown package is not installed. Please install it.
    Quitting from lines 158-167 (HydeNetPlots.Rmd)
    Error: processing vignette 'HydeNetPlots.Rmd' failed with diagnostics:
    Blackjack rules URL does not exist. Find a new link
    Execution halted
Flavor: r-oldrel-windows-ix86+x86_64