CRAN Package Check Results for Package Hmisc

Last updated on 2017-12-16 09:51:02 CET.

Flavor Version Tinstall Tcheck Ttotal Status Flags
r-devel-linux-x86_64-debian-clang 4.0-3 11.33 284.10 295.43 WARN
r-devel-linux-x86_64-debian-gcc 4.0-3 9.67 212.05 221.72 WARN
r-devel-linux-x86_64-fedora-clang 4.0-3 313.49 WARN
r-devel-linux-x86_64-fedora-gcc 4.0-3 312.11 WARN
r-devel-windows-ix86+x86_64 4.0-3 37.00 309.00 346.00 OK
r-patched-linux-x86_64 4.0-3 10.87 294.18 305.05 NOTE
r-patched-solaris-x86 4.0-3 389.20 NOTE
r-release-linux-x86_64 4.0-3 10.23 290.63 300.86 NOTE
r-release-windows-ix86+x86_64 4.0-3 33.00 299.00 332.00 OK
r-release-osx-x86_64 4.0-3 OK
r-oldrel-windows-ix86+x86_64 4.0-3 36.00 375.00 411.00 OK
r-oldrel-osx-x86_64 4.0-3 OK

Check Details

Version: 4.0-3
Check: use of S3 registration
Result: WARN
    Registered S3 methods from standard package(s) overwritten by 'Hmisc':
     method from
     round.POSIXt base
     trunc.POSIXt base
Flavors: r-devel-linux-x86_64-debian-clang, r-devel-linux-x86_64-debian-gcc, r-devel-linux-x86_64-fedora-clang, r-devel-linux-x86_64-fedora-gcc

Version: 4.0-3
Check: S3 generic/method consistency
Result: NOTE
    Found the following apparent S3 methods exported but not registered:
     [.Cbind [.describe [.discrete [.impute [.mChoice [.pBlock [.roundN
     [.special.miss [.substi [.summary.formula.response [.transcan
     [.ynbind [<-.discrete [[.discrete
    See section ‘Registering S3 methods’ in the ‘Writing R Extensions’
    manual.
Flavors: r-devel-linux-x86_64-debian-clang, r-devel-linux-x86_64-debian-gcc, r-devel-linux-x86_64-fedora-clang, r-devel-linux-x86_64-fedora-gcc, r-patched-linux-x86_64, r-patched-solaris-x86, r-release-linux-x86_64