CRAN Package Check Results for Package HistogramTools

Last updated on 2019-09-19 14:46:48 CEST.

Flavor Version Tinstall Tcheck Ttotal Status Flags
r-devel-linux-x86_64-debian-clang 0.3.2 8.73 98.00 106.73 OK
r-devel-linux-x86_64-debian-gcc 0.3.2 7.97 77.62 85.59 OK
r-devel-linux-x86_64-fedora-clang 0.3.2 130.84 OK
r-devel-linux-x86_64-fedora-gcc 0.3.2 129.98 OK
r-devel-windows-ix86+x86_64 0.3.2 38.00 173.00 211.00 OK
r-patched-linux-x86_64 0.3.2 9.68 95.99 105.67 OK
r-patched-solaris-x86 0.3.2 196.20 NOTE
r-release-linux-x86_64 0.3.2 9.03 95.39 104.42 OK
r-release-windows-ix86+x86_64 0.3.2 24.00 194.00 218.00 OK
r-release-osx-x86_64 0.3.2 OK
r-oldrel-windows-ix86+x86_64 0.3.2 13.00 112.00 125.00 OK
r-oldrel-osx-x86_64 0.3.2 OK

Check Details

Version: 0.3.2
Check: package dependencies
Result: NOTE
    Package which this enhances but not available for checking: ‘RProtoBuf’
Flavor: r-patched-solaris-x86

Version: 0.3.2
Check: Rd cross-references
Result: NOTE
    Package unavailable to check Rd xrefs: ‘RProtoBuf’
Flavor: r-patched-solaris-x86