CRAN Package Check Results for Package HTSSIP

Last updated on 2019-09-17 22:48:09 CEST.

Flavor Version Tinstall Tcheck Ttotal Status Flags
r-devel-linux-x86_64-debian-clang 1.4.1 8.16 345.66 353.82 OK --no-vignettes
r-devel-linux-x86_64-debian-gcc 1.4.1 6.74 253.64 260.38 OK --no-vignettes
r-devel-linux-x86_64-fedora-clang 1.4.1 435.60 NOTE --no-vignettes
r-devel-linux-x86_64-fedora-gcc 1.4.1 392.10 NOTE --no-vignettes
r-devel-windows-ix86+x86_64 1.4.1 16.00 223.00 239.00 OK --no-vignettes
r-patched-linux-x86_64 1.4.1 7.82 304.47 312.29 OK --no-vignettes
r-patched-solaris-x86 1.4.1 3539.20 NOTE
r-release-linux-x86_64 1.4.1 7.44 315.27 322.71 OK --no-vignettes
r-release-windows-ix86+x86_64 1.4.1 14.00 257.00 271.00 OK --no-vignettes
r-release-osx-x86_64 1.4.1 ERROR
r-oldrel-windows-ix86+x86_64 1.4.1 13.00 236.00 249.00 OK --no-vignettes
r-oldrel-osx-x86_64 1.4.1 NOTE

Check Details

Version: 1.4.1
Flags: --no-vignettes
Check: dependencies in R code
Result: NOTE
    Namespace in Imports field not imported from: ‘igraph’
     All declared Imports should be used.
Flavors: r-devel-linux-x86_64-fedora-clang, r-devel-linux-x86_64-fedora-gcc

Version: 1.4.1
Check: dependencies in R code
Result: NOTE
    Namespace in Imports field not imported from: ‘igraph’
     All declared Imports should be used.
Flavors: r-patched-solaris-x86, r-oldrel-osx-x86_64

Version: 1.4.1
Check: package dependencies
Result: ERROR
    Packages required but not available: 'DESeq2', 'phyloseq'
    
    See section ‘The DESCRIPTION file’ in the ‘Writing R Extensions’
    manual.
Flavor: r-release-osx-x86_64