CRAN Package Check Results for Package HMB

Last updated on 2019-09-15 13:47:16 CEST.

Flavor Version Tinstall Tcheck Ttotal Status Flags
r-devel-linux-x86_64-debian-clang 1.0 103.14 41.52 144.66 OK
r-devel-linux-x86_64-debian-gcc 1.0 86.85 33.54 120.39 OK
r-devel-linux-x86_64-fedora-clang 1.0 223.95 NOTE
r-devel-linux-x86_64-fedora-gcc 1.0 212.99 OK
r-devel-windows-ix86+x86_64 1.0 345.00 105.00 450.00 NOTE
r-patched-linux-x86_64 1.0 96.72 41.32 138.04 OK
r-patched-solaris-x86 1.0 241.40 OK
r-release-linux-x86_64 1.0 95.50 42.01 137.51 OK
r-release-windows-ix86+x86_64 1.0 218.00 84.00 302.00 NOTE
r-release-osx-x86_64 1.0 NOTE
r-oldrel-windows-ix86+x86_64 1.0 295.00 84.00 379.00 NOTE
r-oldrel-osx-x86_64 1.0 NOTE

Check Details

Version: 1.0
Check: installed package size
Result: NOTE
     installed size is 7.8Mb
     sub-directories of 1Mb or more:
     data 3.5Mb
     libs 4.0Mb
Flavors: r-devel-linux-x86_64-fedora-clang, r-devel-windows-ix86+x86_64, r-release-windows-ix86+x86_64, r-release-osx-x86_64, r-oldrel-windows-ix86+x86_64, r-oldrel-osx-x86_64