CRAN Package Check Results for Package HMB

Last updated on 2020-01-20 23:50:10 CET.

Flavor Version Tinstall Tcheck Ttotal Status Flags
r-devel-linux-x86_64-debian-clang 1.0 117.48 43.14 160.62 OK
r-devel-linux-x86_64-debian-gcc 1.0 81.93 34.40 116.33 OK
r-devel-linux-x86_64-fedora-clang 1.0 227.31 NOTE
r-devel-linux-x86_64-fedora-gcc 1.0 217.80 OK
r-devel-windows-ix86+x86_64 1.0 316.00 119.00 435.00 NOTE
r-devel-windows-ix86+x86_64-gcc8 1.0 241.00 90.00 331.00 NOTE
r-patched-linux-x86_64 1.0 100.74 41.17 141.91 OK
r-patched-solaris-x86 1.0 243.80 OK
r-release-linux-x86_64 1.0 100.13 41.11 141.24 OK
r-release-windows-ix86+x86_64 1.0 300.00 114.00 414.00 NOTE
r-release-osx-x86_64 1.0 NOTE
r-oldrel-windows-ix86+x86_64 1.0 198.00 83.00 281.00 NOTE
r-oldrel-osx-x86_64 1.0 NOTE

Check Details

Version: 1.0
Check: installed package size
Result: NOTE
     installed size is 7.9Mb
     sub-directories of 1Mb or more:
     data 3.5Mb
     libs 4.1Mb
Flavors: r-devel-linux-x86_64-fedora-clang, r-devel-windows-ix86+x86_64, r-devel-windows-ix86+x86_64-gcc8, r-release-windows-ix86+x86_64, r-release-osx-x86_64, r-oldrel-windows-ix86+x86_64, r-oldrel-osx-x86_64