CRAN Package Check Results for Package GrpString

Last updated on 2018-05-21 00:50:04 CEST.

Flavor Version Tinstall Tcheck Ttotal Status Flags
r-devel-linux-x86_64-debian-clang 0.3.2 2.24 27.39 29.63 OK
r-devel-linux-x86_64-debian-gcc 0.3.2 1.65 23.92 25.57 OK
r-devel-linux-x86_64-fedora-clang 0.3.2 38.95 NOTE
r-devel-linux-x86_64-fedora-gcc 0.3.2 37.13 NOTE
r-devel-windows-ix86+x86_64 0.3.2 5.00 39.00 44.00 OK
r-patched-linux-x86_64 0.3.2 1.65 29.76 31.41 OK
r-patched-solaris-x86 0.3.2 57.30 NOTE
r-release-linux-x86_64 0.3.2 2.30 29.84 32.14 OK
r-release-windows-ix86+x86_64 0.3.2 3.00 42.00 45.00 OK
r-release-osx-x86_64 0.3.2 NOTE
r-oldrel-windows-ix86+x86_64 0.3.2 3.00 38.00 41.00 OK
r-oldrel-osx-x86_64 0.3.2 NOTE

Check Details

Version: 0.3.2
Check: dependencies in R code
Result: NOTE
    Namespace in Imports field not imported from: ‘Rcpp’
     All declared Imports should be used.
Flavors: r-devel-linux-x86_64-fedora-clang, r-devel-linux-x86_64-fedora-gcc, r-patched-solaris-x86, r-release-osx-x86_64, r-oldrel-osx-x86_64