CRAN Package Check Results for Package GrpString

Last updated on 2018-08-22 06:46:48 CEST.

Flavor Version Tinstall Tcheck Ttotal Status Flags
r-devel-linux-x86_64-debian-clang 0.3.2 2.05 31.37 33.42 OK
r-devel-linux-x86_64-debian-gcc 0.3.2 1.76 25.03 26.79 OK
r-devel-linux-x86_64-fedora-clang 0.3.2 39.26 NOTE
r-devel-linux-x86_64-fedora-gcc 0.3.2 37.55 NOTE
r-devel-windows-ix86+x86_64 0.3.2 4.00 37.00 41.00 OK
r-patched-linux-x86_64 0.3.2 1.40 30.37 31.77 OK
r-patched-solaris-x86 0.3.2 56.70 NOTE
r-release-linux-x86_64 0.3.2 2.16 30.44 32.60 OK
r-release-windows-ix86+x86_64 0.3.2 5.00 40.00 45.00 OK
r-release-osx-x86_64 0.3.2 NOTE
r-oldrel-windows-ix86+x86_64 0.3.2 3.00 44.00 47.00 OK
r-oldrel-osx-x86_64 0.3.2 NOTE

Check Details

Version: 0.3.2
Check: dependencies in R code
Result: NOTE
    Namespace in Imports field not imported from: ‘Rcpp’
     All declared Imports should be used.
Flavors: r-devel-linux-x86_64-fedora-clang, r-devel-linux-x86_64-fedora-gcc, r-patched-solaris-x86, r-release-osx-x86_64, r-oldrel-osx-x86_64