CRAN Package Check Results for Package GrpString

Last updated on 2018-11-18 10:50:00 CET.

Flavor Version Tinstall Tcheck Ttotal Status Flags
r-devel-linux-x86_64-debian-clang 0.3.2 1.99 31.17 33.16 OK
r-devel-linux-x86_64-debian-gcc 0.3.2 1.55 25.25 26.80 OK
r-devel-linux-x86_64-fedora-clang 0.3.2 38.38 NOTE
r-devel-linux-x86_64-fedora-gcc 0.3.2 37.87 NOTE
r-devel-windows-ix86+x86_64 0.3.2 4.00 56.00 60.00 OK
r-patched-linux-x86_64 0.3.2 1.73 29.96 31.69 OK
r-patched-solaris-x86 0.3.2 55.80 NOTE
r-release-linux-x86_64 0.3.2 2.09 30.19 32.28 OK
r-release-windows-ix86+x86_64 0.3.2 6.00 60.00 66.00 OK
r-release-osx-x86_64 0.3.2 NOTE
r-oldrel-windows-ix86+x86_64 0.3.2 4.00 60.00 64.00 OK
r-oldrel-osx-x86_64 0.3.2 NOTE

Check Details

Version: 0.3.2
Check: dependencies in R code
Result: NOTE
    Namespace in Imports field not imported from: ‘Rcpp’
     All declared Imports should be used.
Flavors: r-devel-linux-x86_64-fedora-clang, r-devel-linux-x86_64-fedora-gcc, r-patched-solaris-x86, r-release-osx-x86_64, r-oldrel-osx-x86_64