CRAN Package Check Results for Package GrpString

Last updated on 2017-12-12 10:52:34 CET.

Flavor Version Tinstall Tcheck Ttotal Status Flags
r-devel-linux-x86_64-debian-clang 0.3.2 0.99 28.98 29.97 OK
r-devel-linux-x86_64-debian-gcc 0.3.2 0.77 23.25 24.02 OK
r-devel-linux-x86_64-fedora-clang 0.3.2 34.64 NOTE
r-devel-linux-x86_64-fedora-gcc 0.3.2 33.96 NOTE
r-devel-windows-ix86+x86_64 0.3.2 5.00 42.00 47.00 OK
r-patched-linux-x86_64 0.3.2 1.06 30.09 31.15 OK
r-patched-solaris-x86 0.3.2 49.00 NOTE
r-release-linux-x86_64 0.3.2 1.00 29.72 30.72 OK
r-release-windows-ix86+x86_64 0.3.2 3.00 41.00 44.00 OK
r-release-osx-x86_64 0.3.2 NOTE
r-oldrel-windows-ix86+x86_64 0.3.2 5.00 49.00 54.00 OK
r-oldrel-osx-x86_64 0.3.2 NOTE

Check Details

Version: 0.3.2
Check: dependencies in R code
Result: NOTE
    Namespace in Imports field not imported from: ‘Rcpp’
     All declared Imports should be used.
Flavors: r-devel-linux-x86_64-fedora-clang, r-devel-linux-x86_64-fedora-gcc, r-patched-solaris-x86, r-release-osx-x86_64, r-oldrel-osx-x86_64