CRAN Package Check Results for Package GrammR

Last updated on 2018-10-20 09:54:59 CEST.

Flavor Version Tinstall Tcheck Ttotal Status Flags
r-devel-linux-x86_64-debian-clang 1.1.0 10.60 119.39 129.99 OK
r-devel-linux-x86_64-debian-gcc 1.1.0 10.11 96.92 107.03 OK
r-devel-linux-x86_64-fedora-clang 1.1.0 154.43 NOTE
r-devel-linux-x86_64-fedora-gcc 1.1.0 148.77 NOTE
r-devel-windows-ix86+x86_64 1.1.0 25.00 226.00 251.00 OK
r-patched-linux-x86_64 1.1.0 8.33 101.08 109.41 OK
r-patched-solaris-x86 1.1.0 207.60 OK
r-release-linux-x86_64 1.1.0 8.69 100.87 109.56 OK
r-release-windows-ix86+x86_64 1.1.0 26.00 149.00 175.00 OK
r-release-osx-x86_64 1.1.0 ERROR
r-oldrel-windows-ix86+x86_64 1.1.0 17.00 154.00 171.00 OK
r-oldrel-osx-x86_64 1.1.0 ERROR

Check Details

Version: 1.1.0
Check: compiled code
Result: NOTE
    File ‘GrammR/libs/GrammR.so’:
     Found no calls to: ‘R_registerRoutines’, ‘R_useDynamicSymbols’
    
    It is good practice to register native routines and to disable symbol
    search.
    
    See ‘Writing portable packages’ in the ‘Writing R Extensions’ manual.
Flavors: r-devel-linux-x86_64-fedora-clang, r-devel-linux-x86_64-fedora-gcc

Version: 1.1.0
Check: package dependencies
Result: ERROR
    Packages required but not available: ‘RGtk2’ ‘gWidgetsRGtk2’
    
    See section ‘The DESCRIPTION file’ in the ‘Writing R Extensions’
    manual.
Flavors: r-release-osx-x86_64, r-oldrel-osx-x86_64