CRAN Package Check Results for Package GrammR

Last updated on 2017-12-15 10:48:13 CET.

Flavor Version Tinstall Tcheck Ttotal Status Flags
r-devel-linux-x86_64-debian-clang 1.1.0 6.45 66.52 72.97 FAIL
r-devel-linux-x86_64-debian-gcc 1.1.0 5.86 73.21 79.07 NOTE
r-devel-linux-x86_64-fedora-clang 1.1.0 123.24 NOTE
r-devel-linux-x86_64-fedora-gcc 1.1.0 121.77 NOTE
r-devel-windows-ix86+x86_64 1.1.0 28.00 4.00 32.00 ERROR
r-patched-linux-x86_64 1.1.0 6.47 102.36 108.83 NOTE
r-patched-solaris-x86 1.1.0 202.10 OK
r-release-linux-x86_64 1.1.0 6.89 100.73 107.62 NOTE
r-release-windows-ix86+x86_64 1.1.0 30.00 4.00 34.00 ERROR
r-release-osx-x86_64 1.1.0 ERROR
r-oldrel-windows-ix86+x86_64 1.1.0 25.00 6.00 31.00 ERROR
r-oldrel-osx-x86_64 1.1.0 ERROR

Check Details

Version: 1.1.0
Check: pragmas in C/C++ headers and code
Result: FAIL
    
Flavor: r-devel-linux-x86_64-debian-clang

Version: 1.1.0
Check: compiled code
Result: NOTE
    File ‘GrammR/libs/GrammR.so’:
     Found no calls to: ‘R_registerRoutines’, ‘R_useDynamicSymbols’
    
    It is good practice to register native routines and to disable symbol
    search.
    
    See ‘Writing portable packages’ in the ‘Writing R Extensions’ manual.
Flavors: r-devel-linux-x86_64-debian-gcc, r-devel-linux-x86_64-fedora-clang, r-devel-linux-x86_64-fedora-gcc, r-patched-linux-x86_64, r-release-linux-x86_64

Version: 1.1.0
Check: whether package can be installed
Result: ERROR
    Installation failed.
Flavors: r-devel-windows-ix86+x86_64, r-release-windows-ix86+x86_64, r-oldrel-windows-ix86+x86_64, r-oldrel-osx-x86_64

Version: 1.1.0
Check: package dependencies
Result: ERROR
    Packages required but not available: ‘RGtk2’ ‘gWidgetsRGtk2’
    
    See section ‘The DESCRIPTION file’ in the ‘Writing R Extensions’
    manual.
Flavor: r-release-osx-x86_64