CRAN Package Check Results for Package GrammR

Last updated on 2018-07-21 14:47:28 CEST.

Flavor Version Tinstall Tcheck Ttotal Status Flags
r-devel-linux-x86_64-debian-clang 1.1.0 11.06 119.12 130.18 NOTE
r-devel-linux-x86_64-debian-gcc 1.1.0 9.82 94.36 104.18 NOTE
r-devel-linux-x86_64-fedora-clang 1.1.0 150.53 NOTE
r-devel-linux-x86_64-fedora-gcc 1.1.0 146.37 NOTE
r-devel-windows-ix86+x86_64 1.1.0 32.00 230.00 262.00 OK
r-patched-linux-x86_64 1.1.0 NOTE
r-patched-solaris-x86 1.1.0 211.20 OK
r-release-linux-x86_64 1.1.0 10.29 102.40 112.69 NOTE
r-release-windows-ix86+x86_64 1.1.0 27.00 147.00 174.00 OK
r-release-osx-x86_64 1.1.0 ERROR
r-oldrel-windows-ix86+x86_64 1.1.0 17.00 223.00 240.00 OK
r-oldrel-osx-x86_64 1.1.0 ERROR

Check Details

Version: 1.1.0
Check: compiled code
Result: NOTE
    File ‘GrammR/libs/GrammR.so’:
     Found no calls to: ‘R_registerRoutines’, ‘R_useDynamicSymbols’
    
    It is good practice to register native routines and to disable symbol
    search.
    
    See ‘Writing portable packages’ in the ‘Writing R Extensions’ manual.
Flavors: r-devel-linux-x86_64-debian-clang, r-devel-linux-x86_64-debian-gcc, r-devel-linux-x86_64-fedora-clang, r-devel-linux-x86_64-fedora-gcc, r-patched-linux-x86_64, r-release-linux-x86_64

Version: 1.1.0
Check: package dependencies
Result: ERROR
    Packages required but not available: ‘RGtk2’ ‘gWidgetsRGtk2’
    
    See section ‘The DESCRIPTION file’ in the ‘Writing R Extensions’
    manual.
Flavors: r-release-osx-x86_64, r-oldrel-osx-x86_64