CRAN Package Check Results for Package GLDEX

Last updated on 2018-08-22 06:46:48 CEST.

Flavor Version Tinstall Tcheck Ttotal Status Flags
r-devel-linux-x86_64-debian-clang 2.0.0.5 10.10 53.49 63.59 NOTE
r-devel-linux-x86_64-debian-gcc 2.0.0.5 8.08 40.81 48.89 NOTE
r-devel-linux-x86_64-fedora-clang 2.0.0.5 73.50 NOTE
r-devel-linux-x86_64-fedora-gcc 2.0.0.5 71.47 NOTE
r-devel-windows-ix86+x86_64 2.0.0.5 18.00 82.00 100.00 OK
r-patched-linux-x86_64 2.0.0.5 10.39 52.25 62.64 NOTE
r-patched-solaris-x86 2.0.0.5 103.40 OK
r-release-linux-x86_64 2.0.0.5 10.43 52.14 62.57 NOTE
r-release-windows-ix86+x86_64 2.0.0.5 22.00 79.00 101.00 OK
r-release-osx-x86_64 2.0.0.5 OK
r-oldrel-windows-ix86+x86_64 2.0.0.5 12.00 95.00 107.00 OK
r-oldrel-osx-x86_64 2.0.0.5 OK

Check Details

Version: 2.0.0.5
Check: compiled code
Result: NOTE
    File ‘GLDEX/libs/GLDEX.so’:
     Found no calls to: ‘R_registerRoutines’, ‘R_useDynamicSymbols’
    
    It is good practice to register native routines and to disable symbol
    search.
    
    See ‘Writing portable packages’ in the ‘Writing R Extensions’ manual.
Flavors: r-devel-linux-x86_64-debian-clang, r-devel-linux-x86_64-debian-gcc, r-devel-linux-x86_64-fedora-clang, r-devel-linux-x86_64-fedora-gcc, r-patched-linux-x86_64, r-release-linux-x86_64