CRAN Package Check Results for Package GLDEX

Last updated on 2017-12-13 13:46:54 CET.

Flavor Version Tinstall Tcheck Ttotal Status Flags
r-devel-linux-x86_64-debian-clang 2.0.0.5 3.50 53.07 56.57 NOTE
r-devel-linux-x86_64-debian-gcc 2.0.0.5 3.14 40.51 43.65 NOTE
r-devel-linux-x86_64-fedora-clang 2.0.0.5 62.21 NOTE
r-devel-linux-x86_64-fedora-gcc 2.0.0.5 64.13 NOTE
r-devel-windows-ix86+x86_64 2.0.0.5 19.00 73.00 92.00 OK
r-patched-linux-x86_64 2.0.0.5 3.87 53.32 57.19 NOTE
r-patched-solaris-x86 2.0.0.5 88.90 OK
r-release-linux-x86_64 2.0.0.5 3.13 53.93 57.06 NOTE
r-release-windows-ix86+x86_64 2.0.0.5 12.00 107.00 119.00 OK
r-release-osx-x86_64 2.0.0.5 OK
r-oldrel-windows-ix86+x86_64 2.0.0.5 16.00 92.00 108.00 OK
r-oldrel-osx-x86_64 2.0.0.5 OK

Check Details

Version: 2.0.0.5
Check: compiled code
Result: NOTE
    File ‘GLDEX/libs/GLDEX.so’:
     Found no calls to: ‘R_registerRoutines’, ‘R_useDynamicSymbols’
    
    It is good practice to register native routines and to disable symbol
    search.
    
    See ‘Writing portable packages’ in the ‘Writing R Extensions’ manual.
Flavors: r-devel-linux-x86_64-debian-clang, r-devel-linux-x86_64-debian-gcc, r-devel-linux-x86_64-fedora-clang, r-devel-linux-x86_64-fedora-gcc, r-patched-linux-x86_64, r-release-linux-x86_64