CRAN Package Check Results for Package GLDEX

Last updated on 2018-11-18 10:49:59 CET.

Flavor Version Tinstall Tcheck Ttotal Status Flags
r-devel-linux-x86_64-debian-clang 2.0.0.5 9.98 53.42 63.40 OK
r-devel-linux-x86_64-debian-gcc 2.0.0.5 7.95 41.32 49.27 OK
r-devel-linux-x86_64-fedora-clang 2.0.0.5 71.85 NOTE
r-devel-linux-x86_64-fedora-gcc 2.0.0.5 70.48 NOTE
r-devel-windows-ix86+x86_64 2.0.0.5 22.00 96.00 118.00 OK
r-patched-linux-x86_64 2.0.0.5 10.16 52.10 62.26 OK
r-patched-solaris-x86 2.0.0.5 101.60 OK
r-release-linux-x86_64 2.0.0.5 10.61 52.11 62.72 OK
r-release-windows-ix86+x86_64 2.0.0.5 20.00 99.00 119.00 OK
r-release-osx-x86_64 2.0.0.5 OK
r-oldrel-windows-ix86+x86_64 2.0.0.5 19.00 101.00 120.00 OK
r-oldrel-osx-x86_64 2.0.0.5 OK

Check Details

Version: 2.0.0.5
Check: compiled code
Result: NOTE
    File ‘GLDEX/libs/GLDEX.so’:
     Found no calls to: ‘R_registerRoutines’, ‘R_useDynamicSymbols’
    
    It is good practice to register native routines and to disable symbol
    search.
    
    See ‘Writing portable packages’ in the ‘Writing R Extensions’ manual.
Flavors: r-devel-linux-x86_64-fedora-clang, r-devel-linux-x86_64-fedora-gcc