CRAN Package Check Results for Package GLDEX

Last updated on 2018-05-21 00:50:03 CEST.

Flavor Version Tinstall Tcheck Ttotal Status Flags
r-devel-linux-x86_64-debian-clang 2.0.0.5 9.91 46.27 56.18 NOTE
r-devel-linux-x86_64-debian-gcc 2.0.0.5 6.94 39.45 46.39 NOTE
r-devel-linux-x86_64-fedora-clang 2.0.0.5 73.46 NOTE
r-devel-linux-x86_64-fedora-gcc 2.0.0.5 73.48 NOTE
r-devel-windows-ix86+x86_64 2.0.0.5 27.00 70.00 97.00 OK
r-patched-linux-x86_64 2.0.0.5 7.57 51.60 59.17 NOTE
r-patched-solaris-x86 2.0.0.5 103.20 OK
r-release-linux-x86_64 2.0.0.5 8.32 51.60 59.92 NOTE
r-release-windows-ix86+x86_64 2.0.0.5 15.00 74.00 89.00 OK
r-release-osx-x86_64 2.0.0.5 OK
r-oldrel-windows-ix86+x86_64 2.0.0.5 11.00 97.00 108.00 OK
r-oldrel-osx-x86_64 2.0.0.5 OK

Check Details

Version: 2.0.0.5
Check: compiled code
Result: NOTE
    File ‘GLDEX/libs/GLDEX.so’:
     Found no calls to: ‘R_registerRoutines’, ‘R_useDynamicSymbols’
    
    It is good practice to register native routines and to disable symbol
    search.
    
    See ‘Writing portable packages’ in the ‘Writing R Extensions’ manual.
Flavors: r-devel-linux-x86_64-debian-clang, r-devel-linux-x86_64-debian-gcc, r-devel-linux-x86_64-fedora-clang, r-devel-linux-x86_64-fedora-gcc, r-patched-linux-x86_64, r-release-linux-x86_64