CRAN Package Check Results for Package FitARMA

Last updated on 2020-01-22 15:49:00 CET.

Flavor Version Tinstall Tcheck Ttotal Status Flags
r-devel-linux-x86_64-debian-clang 1.6.1 9.21 56.40 65.61 NOTE
r-devel-linux-x86_64-debian-gcc 1.6.1 7.45 44.21 51.66 NOTE
r-devel-linux-x86_64-fedora-clang 1.6.1 78.72 NOTE
r-devel-linux-x86_64-fedora-gcc 1.6.1 76.50 NOTE
r-devel-windows-ix86+x86_64 1.6.1 27.00 87.00 114.00 NOTE
r-devel-windows-ix86+x86_64-gcc8 1.6.1 26.00 91.00 117.00 NOTE
r-patched-linux-x86_64 1.6.1 6.97 50.58 57.55 NOTE
r-patched-solaris-x86 1.6.1 109.10 NOTE
r-release-linux-x86_64 1.6.1 7.81 50.50 58.31 NOTE
r-release-windows-ix86+x86_64 1.6.1 15.00 112.00 127.00 NOTE
r-release-osx-x86_64 1.6.1 NOTE
r-oldrel-windows-ix86+x86_64 1.6.1 11.00 68.00 79.00 NOTE
r-oldrel-osx-x86_64 1.6.1 NOTE

Check Details

Version: 1.6.1
Check: dependencies in R code
Result: NOTE
    Package in Depends field not imported from: 'FitAR'
     These packages need to be imported from (in the NAMESPACE file)
     for when this namespace is loaded but not attached.
Flavors: r-devel-linux-x86_64-debian-clang, r-devel-linux-x86_64-debian-gcc, r-devel-linux-x86_64-fedora-clang, r-devel-linux-x86_64-fedora-gcc, r-devel-windows-ix86+x86_64, r-devel-windows-ix86+x86_64-gcc8, r-patched-linux-x86_64, r-patched-solaris-x86, r-release-linux-x86_64, r-release-windows-ix86+x86_64, r-release-osx-x86_64, r-oldrel-windows-ix86+x86_64, r-oldrel-osx-x86_64

Version: 1.6.1
Check: R code for possible problems
Result: NOTE
    FitARMA: no visible global function definition for 'PacfDL'
    FitARMA: no visible global function definition for 'GetARMeanMLE'
    FitARMA: no visible global function definition for
     'BackcastResidualsAR'
    FitARMA: no visible global function definition for 'LjungBoxTest'
    GetFitARMA: no visible global function definition for 'LoglikelihoodAR'
    GetFitARMA: no visible global function definition for 'ChampernowneD'
    GetFitARMA : EntropyARMA: no visible global function definition for
     'PacfToAR'
    GetFitARMA : EntropyARMA: no visible global function definition for
     'PacfDL'
    GetFitARMA : EntropyARMA: no visible global function definition for
     'FastLoglikelihoodAR'
    GetFitARMA: no visible global function definition for 'PacfToAR'
    InformationMatrixARMA: no visible global function definition for
     'InvertibleQ'
    TacvfARMA: no visible global function definition for 'InvertibleQ'
    Undefined global functions or variables:
     BackcastResidualsAR ChampernowneD FastLoglikelihoodAR GetARMeanMLE
     InvertibleQ LjungBoxTest LoglikelihoodAR PacfDL PacfToAR
Flavors: r-devel-linux-x86_64-debian-clang, r-devel-linux-x86_64-debian-gcc, r-devel-linux-x86_64-fedora-clang, r-devel-linux-x86_64-fedora-gcc, r-devel-windows-ix86+x86_64, r-devel-windows-ix86+x86_64-gcc8, r-patched-linux-x86_64, r-patched-solaris-x86, r-release-linux-x86_64, r-release-windows-ix86+x86_64, r-release-osx-x86_64, r-oldrel-windows-ix86+x86_64, r-oldrel-osx-x86_64

Version: 1.6.1
Check: compiled code
Result: NOTE
    File ‘FitARMA/libs/FitARMA.so’:
     Found no calls to: ‘R_registerRoutines’, ‘R_useDynamicSymbols’
    
    It is good practice to register native routines and to disable symbol
    search.
    
    See ‘Writing portable packages’ in the ‘Writing R Extensions’ manual.
Flavors: r-devel-linux-x86_64-fedora-clang, r-devel-linux-x86_64-fedora-gcc