CRAN Package Check Results for Package FitARMA

Last updated on 2019-09-15 15:47:22 CEST.

Flavor Version Tinstall Tcheck Ttotal Status Flags
r-devel-linux-x86_64-debian-clang 1.6.1 7.78 51.80 59.58 NOTE
r-devel-linux-x86_64-debian-gcc 1.6.1 7.33 41.67 49.00 NOTE
r-devel-linux-x86_64-fedora-clang 1.6.1 71.44 NOTE
r-devel-linux-x86_64-fedora-gcc 1.6.1 69.74 NOTE
r-devel-windows-ix86+x86_64 1.6.1 30.00 85.00 115.00 NOTE
r-patched-linux-x86_64 1.6.1 8.31 50.71 59.02 NOTE
r-patched-solaris-x86 1.6.1 105.70 NOTE
r-release-linux-x86_64 1.6.1 7.86 50.59 58.45 NOTE
r-release-windows-ix86+x86_64 1.6.1 19.00 111.00 130.00 NOTE
r-release-osx-x86_64 1.6.1 NOTE
r-oldrel-windows-ix86+x86_64 1.6.1 17.00 75.00 92.00 NOTE
r-oldrel-osx-x86_64 1.6.1 NOTE

Check Details

Version: 1.6.1
Check: dependencies in R code
Result: NOTE
    Package in Depends field not imported from: 'FitAR'
     These packages need to be imported from (in the NAMESPACE file)
     for when this namespace is loaded but not attached.
Flavors: r-devel-linux-x86_64-debian-clang, r-devel-linux-x86_64-debian-gcc, r-devel-linux-x86_64-fedora-clang, r-devel-linux-x86_64-fedora-gcc, r-devel-windows-ix86+x86_64, r-patched-linux-x86_64, r-patched-solaris-x86, r-release-linux-x86_64, r-release-windows-ix86+x86_64, r-release-osx-x86_64, r-oldrel-windows-ix86+x86_64, r-oldrel-osx-x86_64

Version: 1.6.1
Check: R code for possible problems
Result: NOTE
    FitARMA: no visible global function definition for 'PacfDL'
    FitARMA: no visible global function definition for 'GetARMeanMLE'
    FitARMA: no visible global function definition for
     'BackcastResidualsAR'
    FitARMA: no visible global function definition for 'LjungBoxTest'
    GetFitARMA: no visible global function definition for 'LoglikelihoodAR'
    GetFitARMA: no visible global function definition for 'ChampernowneD'
    GetFitARMA : EntropyARMA: no visible global function definition for
     'PacfToAR'
    GetFitARMA : EntropyARMA: no visible global function definition for
     'PacfDL'
    GetFitARMA : EntropyARMA: no visible global function definition for
     'FastLoglikelihoodAR'
    GetFitARMA: no visible global function definition for 'PacfToAR'
    InformationMatrixARMA: no visible global function definition for
     'InvertibleQ'
    TacvfARMA: no visible global function definition for 'InvertibleQ'
    Undefined global functions or variables:
     BackcastResidualsAR ChampernowneD FastLoglikelihoodAR GetARMeanMLE
     InvertibleQ LjungBoxTest LoglikelihoodAR PacfDL PacfToAR
Flavors: r-devel-linux-x86_64-debian-clang, r-devel-linux-x86_64-debian-gcc, r-devel-linux-x86_64-fedora-clang, r-devel-linux-x86_64-fedora-gcc, r-devel-windows-ix86+x86_64, r-patched-linux-x86_64, r-patched-solaris-x86, r-release-linux-x86_64, r-release-windows-ix86+x86_64, r-release-osx-x86_64, r-oldrel-windows-ix86+x86_64, r-oldrel-osx-x86_64

Version: 1.6.1
Check: compiled code
Result: NOTE
    File ‘FitARMA/libs/FitARMA.so’:
     Found no calls to: ‘R_registerRoutines’, ‘R_useDynamicSymbols’
    
    It is good practice to register native routines and to disable symbol
    search.
    
    See ‘Writing portable packages’ in the ‘Writing R Extensions’ manual.
Flavors: r-devel-linux-x86_64-fedora-clang, r-devel-linux-x86_64-fedora-gcc