CRAN Package Check Results for Package FedData

Last updated on 2019-04-24 22:50:44 CEST.

Flavor Version Tinstall Tcheck Ttotal Status Flags
r-devel-linux-x86_64-debian-clang 2.5.7 12.83 104.24 117.07 OK
r-devel-linux-x86_64-debian-gcc 2.5.7 10.79 78.36 89.15 OK
r-devel-linux-x86_64-fedora-clang 2.5.7 131.43 OK
r-devel-linux-x86_64-fedora-gcc 2.5.7 127.88 OK
r-devel-windows-ix86+x86_64 2.5.7 26.00 144.00 170.00 OK
r-patched-linux-x86_64 2.5.7 12.09 101.41 113.50 OK
r-patched-solaris-x86 2.5.7 202.90 OK
r-release-linux-x86_64 2.5.7 8.55 101.35 109.90 OK
r-release-windows-ix86+x86_64 2.5.7 16.00 142.00 158.00 OK
r-release-osx-x86_64 2.5.7 OK
r-oldrel-windows-ix86+x86_64 2.5.7 13.00 106.00 119.00 OK
r-oldrel-osx-x86_64 2.5.6 NOTE

Check Details

Version: 2.5.6
Check: dependencies in R code
Result: NOTE
    Namespace in Imports field not imported from: ‘jsonlite’
     All declared Imports should be used.
Flavor: r-oldrel-osx-x86_64