CRAN Package Check Results for Package FIACH

Last updated on 2019-09-19 14:46:46 CEST.

Flavor Version Tinstall Tcheck Ttotal Status Flags
r-devel-linux-x86_64-debian-clang 0.1.2 44.01 42.35 86.36 OK
r-devel-linux-x86_64-debian-gcc 0.1.2 35.89 34.07 69.96 OK
r-devel-linux-x86_64-fedora-clang 0.1.2 124.14 NOTE
r-devel-linux-x86_64-fedora-gcc 0.1.2 118.95 NOTE
r-devel-windows-ix86+x86_64 0.1.2 100.00 104.00 204.00 OK
r-patched-linux-x86_64 0.1.2 39.25 43.05 82.30 OK
r-patched-solaris-x86 0.1.2 130.40 OK
r-release-linux-x86_64 0.1.2 38.62 44.00 82.62 OK
r-release-windows-ix86+x86_64 0.1.2 81.00 81.00 162.00 OK
r-release-osx-x86_64 0.1.2 FAIL
r-oldrel-windows-ix86+x86_64 0.1.2 68.00 70.00 138.00 OK
r-oldrel-osx-x86_64 0.1.2 OK

Check Details

Version: 0.1.2
Check: compiled code
Result: NOTE
    File ‘FIACH/libs/FIACH.so’:
     Found no calls to: ‘R_registerRoutines’, ‘R_useDynamicSymbols’
    
    It is good practice to register native routines and to disable symbol
    search.
    
    See ‘Writing portable packages’ in the ‘Writing R Extensions’ manual.
Flavors: r-devel-linux-x86_64-fedora-clang, r-devel-linux-x86_64-fedora-gcc

Version: 0.1.2
Check: whether package can be installed
Result: FAIL
    
Flavor: r-release-osx-x86_64