CRAN Package Check Results for Package FAMILY

Last updated on 2019-09-20 21:46:24 CEST.

Flavor Version Tinstall Tcheck Ttotal Status Flags
r-devel-linux-x86_64-debian-clang 0.1.19 4.33 54.50 58.83 NOTE
r-devel-linux-x86_64-debian-gcc 0.1.19 3.49 42.00 45.49 NOTE
r-devel-linux-x86_64-fedora-clang 0.1.19 72.40 NOTE
r-devel-linux-x86_64-fedora-gcc 0.1.19 71.81 NOTE
r-devel-windows-ix86+x86_64 0.1.19 14.00 70.00 84.00 NOTE
r-patched-linux-x86_64 0.1.19 3.64 53.50 57.14 NOTE
r-patched-solaris-x86 0.1.19 109.80 NOTE
r-release-linux-x86_64 0.1.19 3.77 55.08 58.85 NOTE
r-release-windows-ix86+x86_64 0.1.19 7.00 63.00 70.00 NOTE
r-release-osx-x86_64 0.1.19 NOTE
r-oldrel-windows-ix86+x86_64 0.1.19 5.00 64.00 69.00 NOTE
r-oldrel-osx-x86_64 0.1.19 NOTE

Check Details

Version: 0.1.19
Check: R code for possible problems
Result: NOTE
    coef.FAMILY: no visible global function definition for 'glm'
    coef.FAMILY: no visible global function definition for 'lm'
    fm2v: no visible global function definition for 'na.omit'
    l_inf_prox: no visible global function definition for 'tail'
    predict.FAMILY: no visible global function definition for 'coef'
    predict.FAMILY: no visible global function definition for 'lm'
    predict.FAMILY: no visible global function definition for 'predict'
    predict.FAMILY: no visible global function definition for 'glm'
    predict.FAMILY: no visible global function definition for 'predict.glm'
    v2fm: no visible global function definition for 'tail'
    Undefined global functions or variables:
     coef glm lm na.omit predict predict.glm tail
    Consider adding
     importFrom("stats", "coef", "glm", "lm", "na.omit", "predict",
     "predict.glm")
     importFrom("utils", "tail")
    to your NAMESPACE file.
Flavors: r-devel-linux-x86_64-debian-clang, r-devel-linux-x86_64-debian-gcc, r-devel-linux-x86_64-fedora-clang, r-devel-linux-x86_64-fedora-gcc, r-devel-windows-ix86+x86_64, r-patched-linux-x86_64, r-patched-solaris-x86, r-release-linux-x86_64, r-release-windows-ix86+x86_64, r-release-osx-x86_64, r-oldrel-windows-ix86+x86_64, r-oldrel-osx-x86_64