CRAN Package Check Results for Package EValue

Last updated on 2019-04-20 11:49:10 CEST.

Flavor Version Tinstall Tcheck Ttotal Status Flags
r-devel-linux-x86_64-debian-clang 2.0.0 8.20 68.99 77.19 OK
r-devel-linux-x86_64-debian-gcc 2.0.0 8.22 56.51 64.73 OK
r-devel-linux-x86_64-fedora-clang 2.0.0 91.04 NOTE
r-devel-linux-x86_64-fedora-gcc 2.0.0 87.40 NOTE
r-devel-windows-ix86+x86_64 2.0.0 27.00 130.00 157.00 OK
r-patched-linux-x86_64 2.0.0 8.45 66.60 75.05 OK
r-patched-solaris-x86 2.0.0 135.70 NOTE
r-release-linux-x86_64 2.0.0 4.37 64.11 68.48 OK
r-release-windows-ix86+x86_64 2.0.0 12.00 80.00 92.00 OK
r-release-osx-x86_64 2.0.0 NOTE
r-oldrel-windows-ix86+x86_64 2.0.0 14.00 123.00 137.00 OK
r-oldrel-osx-x86_64 2.0.0 NOTE

Check Details

Version: 2.0.0
Check: dependencies in R code
Result: NOTE
    Namespaces in Imports field not imported from:
     ‘devtools’ ‘msm’
     All declared Imports should be used.
Flavors: r-devel-linux-x86_64-fedora-clang, r-devel-linux-x86_64-fedora-gcc, r-patched-solaris-x86, r-release-osx-x86_64, r-oldrel-osx-x86_64