CRAN Package Check Results for Package EMA

Last updated on 2018-10-20 10:48:39 CEST.

Flavor Version Tinstall Tcheck Ttotal Status Flags
r-devel-linux-x86_64-debian-clang 1.4.5 17.13 223.27 240.40 NOTE
r-devel-linux-x86_64-debian-gcc 1.4.5 16.32 183.17 199.49 OK
r-devel-linux-x86_64-fedora-clang 1.4.5 285.24 OK
r-devel-linux-x86_64-fedora-gcc 1.4.5 285.04 OK
r-devel-windows-ix86+x86_64 1.4.5 44.00 300.00 344.00 WARN
r-patched-linux-x86_64 1.4.5 18.43 187.01 205.44 OK
r-patched-solaris-x86 1.4.5 361.60 NOTE
r-release-linux-x86_64 1.4.5 15.82 188.53 204.35 OK
r-release-windows-ix86+x86_64 1.4.5 40.00 263.00 303.00 OK
r-release-osx-x86_64 1.4.5 NOTE
r-oldrel-windows-ix86+x86_64 1.4.5 29.00 180.00 209.00 OK
r-oldrel-osx-x86_64 1.4.5 NOTE

Check Details

Version: 1.4.5
Check: package dependencies
Result: NOTE
    Package suggested but not available for checking: ‘lumi’
Flavors: r-devel-linux-x86_64-debian-clang, r-patched-solaris-x86

Version: 1.4.5
Check: whether package can be installed
Result: WARN
    Found the following significant warnings:
     Warning: 'BiocInstaller' and 'biocLite()' are deprecated, use the 'BiocManager' CRAN
Flavor: r-devel-windows-ix86+x86_64

Version: 1.4.5
Check: package dependencies
Result: NOTE
    Packages suggested but not available for checking: ‘hgu133plus2.db’ ‘lumi’
Flavor: r-release-osx-x86_64

Version: 1.4.5
Check: package dependencies
Result: NOTE
    Packages suggested but not available for checking: ‘hgu133plus2.db’ ‘GO.db’
Flavor: r-oldrel-osx-x86_64