CRAN Package Check Results for Package EMA

Last updated on 2018-07-21 14:47:25 CEST.

Flavor Version Tinstall Tcheck Ttotal Status Flags
r-devel-linux-x86_64-debian-clang 1.4.5 20.02 230.26 250.28 OK
r-devel-linux-x86_64-debian-gcc 1.4.5 15.53 186.13 201.66 OK
r-devel-linux-x86_64-fedora-clang 1.4.5 288.30 OK
r-devel-linux-x86_64-fedora-gcc 1.4.5 276.58 OK
r-devel-windows-ix86+x86_64 1.4.5 44.00 299.00 343.00 OK
r-patched-linux-x86_64 1.4.5 OK
r-patched-solaris-x86 1.4.5 364.20 NOTE
r-release-linux-x86_64 1.4.5 15.98 191.55 207.53 OK
r-release-windows-ix86+x86_64 1.4.5 40.00 260.00 300.00 OK
r-release-osx-x86_64 1.4.5 NOTE
r-oldrel-windows-ix86+x86_64 1.4.5 27.00 285.00 312.00 OK
r-oldrel-osx-x86_64 1.4.5 NOTE

Check Details

Version: 1.4.5
Check: package dependencies
Result: NOTE
    Package suggested but not available for checking: ‘lumi’
Flavor: r-patched-solaris-x86

Version: 1.4.5
Check: package dependencies
Result: NOTE
    Packages suggested but not available for checking: ‘hgu133plus2.db’ ‘lumi’
Flavor: r-release-osx-x86_64

Version: 1.4.5
Check: package dependencies
Result: NOTE
    Packages suggested but not available for checking: ‘hgu133plus2.db’ ‘GO.db’
Flavor: r-oldrel-osx-x86_64