CRAN Package Check Results for Package EMA

Last updated on 2017-12-15 09:48:57 CET.

Flavor Version Tinstall Tcheck Ttotal Status Flags
r-devel-linux-x86_64-debian-clang 1.4.5 11.42 152.64 164.06 OK
r-devel-linux-x86_64-debian-gcc 1.4.5 10.54 141.14 151.68 OK
r-devel-linux-x86_64-fedora-clang 1.4.5 216.19 OK
r-devel-linux-x86_64-fedora-gcc 1.4.5 217.20 OK
r-devel-windows-ix86+x86_64 1.4.5 25.00 282.00 307.00 OK
r-patched-linux-x86_64 1.4.5 13.66 189.59 203.25 OK
r-patched-solaris-x86 1.4.5 326.10 OK
r-release-linux-x86_64 1.4.5 12.63 193.93 206.56 OK
r-release-windows-ix86+x86_64 1.4.5 24.00 183.00 207.00 OK
r-release-osx-x86_64 1.4.5 ERROR
r-oldrel-windows-ix86+x86_64 1.4.5 24.00 229.00 253.00 OK
r-oldrel-osx-x86_64 1.4.5 NOTE

Check Details

Version: 1.4.5
Check: package dependencies
Result: ERROR
    Packages required but not available: ‘siggenes’ ‘gcrma’ ‘biomaRt’
    
    Packages suggested but not available for checking:
     ‘hgu133plus2.db’ ‘lumi’ ‘GOstats’ ‘Category’ ‘vsn’ ‘GO.db’ ‘GSEABase’
    
    See section ‘The DESCRIPTION file’ in the ‘Writing R Extensions’
    manual.
Flavor: r-release-osx-x86_64

Version: 1.4.5
Check: package dependencies
Result: NOTE
    Package suggested but not available for checking: ‘hgu133plus2.db’
Flavor: r-oldrel-osx-x86_64