CRAN Package Check Results for Package EBEN

Last updated on 2018-12-10 02:49:28 CET.

Flavor Version Tinstall Tcheck Ttotal Status Flags
r-devel-linux-x86_64-debian-clang 4.6 7.07 24.81 31.88 OK
r-devel-linux-x86_64-debian-gcc 4.6 4.81 20.23 25.04 OK
r-devel-linux-x86_64-fedora-clang 4.6 38.76 NOTE
r-devel-linux-x86_64-fedora-gcc 4.6 39.05 NOTE
r-devel-windows-ix86+x86_64 4.6 22.00 57.00 79.00 OK
r-patched-linux-x86_64 4.6 5.74 23.94 29.68 OK
r-patched-solaris-x86 4.6 63.50 OK
r-release-linux-x86_64 4.6 5.96 24.22 30.18 OK
r-release-windows-ix86+x86_64 4.6 21.00 60.00 81.00 OK
r-release-osx-x86_64 4.6 OK
r-oldrel-windows-ix86+x86_64 4.6 18.00 44.00 62.00 OK
r-oldrel-osx-x86_64 4.6 OK

Check Details

Version: 4.6
Check: compiled code
Result: NOTE
    File ‘EBEN/libs/EBEN.so’:
     Found no calls to: ‘R_registerRoutines’, ‘R_useDynamicSymbols’
    
    It is good practice to register native routines and to disable symbol
    search.
    
    See ‘Writing portable packages’ in the ‘Writing R Extensions’ manual.
Flavors: r-devel-linux-x86_64-fedora-clang, r-devel-linux-x86_64-fedora-gcc