CRAN Package Check Results for Package DescTools

Last updated on 2019-04-19 03:47:24 CEST.

Flavor Version Tinstall Tcheck Ttotal Status Flags
r-devel-linux-x86_64-debian-clang 0.99.28 73.86 345.61 419.47 NOTE
r-devel-linux-x86_64-debian-gcc 0.99.28 58.73 263.24 321.97 NOTE
r-devel-linux-x86_64-fedora-clang 0.99.28 498.80 NOTE
r-devel-linux-x86_64-fedora-gcc 0.99.28 484.22 NOTE
r-devel-windows-ix86+x86_64 0.99.28 183.00 602.00 785.00 NOTE
r-patched-linux-x86_64 0.99.28 68.95 349.65 418.60 NOTE
r-patched-solaris-x86 0.99.28 464.70 NOTE
r-release-linux-x86_64 0.99.28 62.82 332.07 394.89 NOTE
r-release-windows-ix86+x86_64 0.99.28 131.00 421.00 552.00 NOTE
r-release-osx-x86_64 0.99.28 NOTE
r-oldrel-windows-ix86+x86_64 0.99.28 104.00 506.00 610.00 NOTE
r-oldrel-osx-x86_64 0.99.28 NOTE

Check Details

Version: 0.99.28
Check: package dependencies
Result: NOTE
    Package suggested but not available for checking: 'RDCOMClient'
Flavors: r-devel-linux-x86_64-debian-clang, r-devel-linux-x86_64-debian-gcc, r-devel-linux-x86_64-fedora-clang, r-devel-linux-x86_64-fedora-gcc, r-devel-windows-ix86+x86_64, r-patched-linux-x86_64, r-patched-solaris-x86, r-release-linux-x86_64, r-release-windows-ix86+x86_64, r-release-osx-x86_64, r-oldrel-osx-x86_64

Version: 0.99.28
Check: installed package size
Result: NOTE
     installed size is 6.7Mb
     sub-directories of 1Mb or more:
     R 1.5Mb
     doc 1.6Mb
     help 1.4Mb
     libs 1.6Mb
Flavors: r-devel-linux-x86_64-fedora-clang, r-devel-windows-ix86+x86_64, r-patched-solaris-x86, r-release-windows-ix86+x86_64, r-release-osx-x86_64, r-oldrel-windows-ix86+x86_64, r-oldrel-osx-x86_64