CRAN Package Check Results for Package DescTools

Last updated on 2019-06-15 22:58:38 CEST.

Flavor Version Tinstall Tcheck Ttotal Status Flags
r-devel-linux-x86_64-debian-clang 0.99.28 72.96 344.05 417.01 NOTE
r-devel-linux-x86_64-debian-gcc 0.99.28 57.67 262.47 320.14 NOTE
r-devel-linux-x86_64-fedora-clang 0.99.28 504.16 NOTE
r-devel-linux-x86_64-fedora-gcc 0.99.28 482.58 NOTE
r-devel-windows-ix86+x86_64 0.99.28 205.00 474.00 679.00 NOTE
r-patched-linux-x86_64 0.99.28 70.28 347.38 417.66 NOTE
r-patched-solaris-x86 0.99.28 473.90 NOTE
r-release-linux-x86_64 0.99.28 66.73 341.27 408.00 NOTE
r-release-windows-ix86+x86_64 0.99.28 147.00 586.00 733.00 NOTE
r-release-osx-x86_64 0.99.28 NOTE
r-oldrel-windows-ix86+x86_64 0.99.28 122.00 427.00 549.00 NOTE
r-oldrel-osx-x86_64 0.99.28 NOTE

Check Details

Version: 0.99.28
Check: package dependencies
Result: NOTE
    Package suggested but not available for checking: 'RDCOMClient'
Flavors: r-devel-linux-x86_64-debian-clang, r-devel-linux-x86_64-debian-gcc, r-devel-linux-x86_64-fedora-clang, r-devel-linux-x86_64-fedora-gcc, r-devel-windows-ix86+x86_64, r-patched-linux-x86_64, r-patched-solaris-x86, r-release-linux-x86_64, r-release-windows-ix86+x86_64, r-release-osx-x86_64, r-oldrel-windows-ix86+x86_64, r-oldrel-osx-x86_64

Version: 0.99.28
Check: installed package size
Result: NOTE
     installed size is 6.7Mb
     sub-directories of 1Mb or more:
     R 1.5Mb
     doc 1.6Mb
     help 1.4Mb
     libs 1.6Mb
Flavors: r-devel-linux-x86_64-fedora-clang, r-devel-windows-ix86+x86_64, r-patched-solaris-x86, r-release-windows-ix86+x86_64, r-release-osx-x86_64, r-oldrel-windows-ix86+x86_64, r-oldrel-osx-x86_64