CRAN Package Check Results for Package DSAIDE

Last updated on 2019-09-20 21:46:23 CEST.

Flavor Version Tinstall Tcheck Ttotal Status Flags
r-devel-linux-x86_64-debian-clang 0.8.2 8.49 97.87 106.36 OK
r-devel-linux-x86_64-debian-gcc 0.8.2 7.16 72.90 80.06 OK
r-devel-linux-x86_64-fedora-clang 0.8.2 134.11 NOTE
r-devel-linux-x86_64-fedora-gcc 0.8.2 120.32 OK
r-devel-windows-ix86+x86_64 0.8.2 38.00 158.00 196.00 NOTE
r-patched-linux-x86_64 0.8.2 7.32 93.49 100.81 OK
r-patched-solaris-x86 0.8.2 164.30 NOTE
r-release-linux-x86_64 0.8.2 6.06 93.16 99.22 OK
r-release-windows-ix86+x86_64 0.8.2 16.00 105.00 121.00 NOTE
r-release-osx-x86_64 0.8.2 NOTE
r-oldrel-windows-ix86+x86_64 0.8.2 12.00 113.00 125.00 NOTE
r-oldrel-osx-x86_64 0.8.2 NOTE

Check Details

Version: 0.8.2
Check: installed package size
Result: NOTE
     installed size is 5.4Mb
     sub-directories of 1Mb or more:
     appinformation 3.6Mb
Flavors: r-devel-linux-x86_64-fedora-clang, r-devel-windows-ix86+x86_64, r-patched-solaris-x86, r-release-windows-ix86+x86_64, r-release-osx-x86_64, r-oldrel-windows-ix86+x86_64, r-oldrel-osx-x86_64