CRAN Package Check Results for Package DESnowball

Last updated on 2017-12-15 06:46:47 CET.

Flavor Version Tinstall Tcheck Ttotal Status Flags
r-devel-linux-x86_64-debian-clang 1.0 1.01 18.08 19.09 NOTE
r-devel-linux-x86_64-debian-gcc 1.0 0.79 16.71 17.50 NOTE
r-devel-linux-x86_64-fedora-clang 1.0 24.55 NOTE
r-devel-linux-x86_64-fedora-gcc 1.0 21.37 NOTE
r-devel-windows-ix86+x86_64 1.0 5.00 54.00 59.00 NOTE
r-patched-linux-x86_64 1.0 0.92 18.76 19.68 NOTE
r-patched-solaris-x86 1.0 34.70 NOTE
r-release-linux-x86_64 1.0 1.06 18.62 19.68 NOTE
r-release-windows-ix86+x86_64 1.0 2.00 28.00 30.00 NOTE
r-release-osx-x86_64 1.0 NOTE
r-oldrel-windows-ix86+x86_64 1.0 4.00 38.00 42.00 NOTE
r-oldrel-osx-x86_64 1.0 NOTE

Check Details

Version: 1.0
Check: R code for possible problems
Result: NOTE
    fs.agreement.part: no visible global function definition for ‘as.dist’
    fs.agreement.part: no visible global function definition for ‘cor’
    fs.leave.k.out.combn: no visible global function definition for ‘sd’
    fs.leave.k.out.sample: no visible global function definition for ‘sd’
    fs.rd: no visible global function definition for ‘pchisq’
    fs.selection: no visible global function definition for ‘p.adjust’
    plot.FIT: no visible global function definition for ‘qchisq’
    plot.FIT: no visible global function definition for ‘ppoints’
    plot.FIT: no visible global function definition for ‘plot’
    plot.FIT: no visible global function definition for ‘points’
    plot.FIT: no visible global function definition for ‘abline’
    plotJn: no visible global function definition for ‘plot’
    plotJn: no visible global function definition for ‘points’
    robust.distance.signed: no visible global function definition for
     ‘mahalanobis’
    snowball: no visible global function definition for ‘is’
    snowball: no visible global function definition for ‘median’
    weight.sd: no visible binding for global variable ‘sd’
    Undefined global functions or variables:
     abline as.dist cor is mahalanobis median p.adjust pchisq plot points
     ppoints qchisq sd
    Consider adding
     importFrom("graphics", "abline", "plot", "points")
     importFrom("methods", "is")
     importFrom("stats", "as.dist", "cor", "mahalanobis", "median",
     "p.adjust", "pchisq", "ppoints", "qchisq", "sd")
    to your NAMESPACE file (and ensure that your DESCRIPTION Imports field
    contains 'methods').
Flavors: r-devel-linux-x86_64-debian-clang, r-devel-linux-x86_64-debian-gcc, r-devel-linux-x86_64-fedora-clang, r-devel-linux-x86_64-fedora-gcc, r-devel-windows-ix86+x86_64, r-patched-linux-x86_64, r-patched-solaris-x86, r-release-linux-x86_64, r-release-windows-ix86+x86_64, r-release-osx-x86_64, r-oldrel-windows-ix86+x86_64, r-oldrel-osx-x86_64