CRAN Package Check Results for Package DDPNA

Last updated on 2019-09-15 15:47:19 CEST.

Flavor Version Tinstall Tcheck Ttotal Status Flags
r-devel-linux-x86_64-debian-clang 0.2.1 16.20 159.91 176.11 OK
r-devel-linux-x86_64-debian-gcc 0.2.1 15.69 122.52 138.21 OK
r-devel-linux-x86_64-fedora-clang 0.2.1 224.37 OK
r-devel-linux-x86_64-fedora-gcc 0.2.1 210.24 OK
r-devel-windows-ix86+x86_64 0.2.1 51.00 234.00 285.00 OK
r-patched-linux-x86_64 0.2.1 14.60 152.51 167.11 OK
r-patched-solaris-x86 0.2.1 301.50 OK
r-release-linux-x86_64 0.2.1 17.04 153.26 170.30 OK
r-release-windows-ix86+x86_64 0.2.1 29.00 161.00 190.00 OK
r-release-osx-x86_64 0.2.1 WARN
r-oldrel-windows-ix86+x86_64 0.2.1 34.00 226.00 260.00 WARN
r-oldrel-osx-x86_64 0.2.1 OK

Check Details

Version: 0.2.1
Check: package dependencies
Result: NOTE
    Packages suggested but not available for checking:
     'WGCNA', 'Biostrings', 'impute'
Flavor: r-release-osx-x86_64

Version: 0.2.1
Check: data for non-ASCII characters
Result: WARN
     Error loading dataset 'Sample_ID_data':
     Error in .requirePackage(package) :
     unable to find required package 'Biostrings'
    
     The dataset(s) may use package(s) not declared in the DESCRIPTION file.
Flavor: r-release-osx-x86_64

Version: 0.2.1
Check: whether package can be installed
Result: WARN
    Found the following significant warnings:
     Warning: unable to re-encode 'missing_value_impute.R' line 216
Flavor: r-oldrel-windows-ix86+x86_64