CRAN Package Check Results for Package CytobankAPI

Last updated on 2019-04-24 22:50:41 CEST.

Flavor Version Tinstall Tcheck Ttotal Status Flags
r-devel-linux-x86_64-debian-clang 1.3.0 10.32 39.94 50.26 OK
r-devel-linux-x86_64-debian-gcc 1.3.0 6.86 32.28 39.14 OK
r-devel-linux-x86_64-fedora-clang 1.3.0 58.69 OK
r-devel-linux-x86_64-fedora-gcc 1.3.0 61.57 OK
r-devel-windows-ix86+x86_64 1.3.0 18.00 77.00 95.00 OK
r-patched-linux-x86_64 1.3.0 7.46 40.10 47.56 OK
r-patched-solaris-x86 1.3.0 78.00 NOTE
r-release-linux-x86_64 1.3.0 7.02 36.92 43.94 OK
r-release-windows-ix86+x86_64 1.3.0 9.00 73.00 82.00 OK
r-release-osx-x86_64 1.3.0 OK
r-oldrel-windows-ix86+x86_64 1.3.0 7.00 58.00 65.00 OK
r-oldrel-osx-x86_64 1.3.0 OK

Check Details

Version: 1.3.0
Check: installed package size
Result: NOTE
     installed size is 5.2Mb
     sub-directories of 1Mb or more:
     doc 4.3Mb
Flavor: r-patched-solaris-x86