CRAN Package Check Results for Package CrossClustering

Last updated on 2018-08-21 22:49:49 CEST.

Flavor Version Tinstall Tcheck Ttotal Status Flags
r-devel-linux-x86_64-debian-clang 4.0.3 1.87 44.70 46.57 OK
r-devel-linux-x86_64-debian-gcc 4.0.3 1.45 34.75 36.20 OK
r-devel-linux-x86_64-fedora-clang 4.0.3 53.22 NOTE
r-devel-linux-x86_64-fedora-gcc 4.0.3 51.06 NOTE
r-devel-windows-ix86+x86_64 4.0.3 5.00 76.00 81.00 OK
r-patched-linux-x86_64 4.0.3 1.60 40.43 42.03 OK
r-patched-solaris-x86 4.0.3 72.20 NOTE
r-release-linux-x86_64 4.0.3 1.62 40.09 41.71 OK
r-release-windows-ix86+x86_64 4.0.3 5.00 68.00 73.00 OK
r-release-osx-x86_64 4.0.3 NOTE
r-oldrel-windows-ix86+x86_64 4.0.3 3.00 50.00 53.00 OK
r-oldrel-osx-x86_64 4.0.3 NOTE

Check Details

Version: 4.0.3
Check: dependencies in R code
Result: NOTE
    Namespace in Imports field not imported from: ‘glue’
     All declared Imports should be used.
Flavors: r-devel-linux-x86_64-fedora-clang, r-devel-linux-x86_64-fedora-gcc, r-patched-solaris-x86, r-release-osx-x86_64, r-oldrel-osx-x86_64