CRAN Package Check Results for Package ClusterStability

Last updated on 2018-07-20 14:48:53 CEST.

Flavor Version Tinstall Tcheck Ttotal Status Flags
r-devel-linux-x86_64-debian-clang 1.0.3 20.99 92.98 113.97 NOTE
r-devel-linux-x86_64-debian-gcc 1.0.3 17.39 72.56 89.95 NOTE
r-devel-linux-x86_64-fedora-clang 1.0.3 138.35 NOTE
r-devel-linux-x86_64-fedora-gcc 1.0.3 137.98 NOTE
r-devel-windows-ix86+x86_64 1.0.3 43.00 133.00 176.00 OK
r-patched-linux-x86_64 1.0.3 22.25 77.55 99.80 NOTE
r-patched-solaris-x86 1.0.3 175.60 OK
r-release-linux-x86_64 1.0.3 19.95 76.87 96.82 NOTE
r-release-windows-ix86+x86_64 1.0.3 59.00 172.00 231.00 OK
r-release-osx-x86_64 1.0.3 OK
r-oldrel-windows-ix86+x86_64 1.0.3 64.00 133.00 197.00 OK
r-oldrel-osx-x86_64 1.0.3 OK

Check Details

Version: 1.0.3
Check: compiled code
Result: NOTE
    File ‘ClusterStability/libs/ClusterStability.so’:
     Found no calls to: ‘R_registerRoutines’, ‘R_useDynamicSymbols’
    
    It is good practice to register native routines and to disable symbol
    search.
    
    See ‘Writing portable packages’ in the ‘Writing R Extensions’ manual.
Flavors: r-devel-linux-x86_64-debian-clang, r-devel-linux-x86_64-debian-gcc, r-devel-linux-x86_64-fedora-clang, r-devel-linux-x86_64-fedora-gcc, r-patched-linux-x86_64, r-release-linux-x86_64