CRAN Package Check Results for Package ClusterStability

Last updated on 2017-12-15 06:46:45 CET.

Flavor Version Tinstall Tcheck Ttotal Status Flags
r-devel-linux-x86_64-debian-clang 1.0.3 16.82 56.10 72.92 FAIL
r-devel-linux-x86_64-debian-gcc 1.0.3 17.16 57.31 74.47 NOTE
r-devel-linux-x86_64-fedora-clang 1.0.3 120.94 NOTE
r-devel-linux-x86_64-fedora-gcc 1.0.3 117.63 NOTE
r-devel-windows-ix86+x86_64 1.0.3 44.00 115.00 159.00 OK
r-patched-linux-x86_64 1.0.3 23.86 79.51 103.37 NOTE
r-patched-solaris-x86 1.0.3 187.80 OK
r-release-linux-x86_64 1.0.3 21.10 77.67 98.77 NOTE
r-release-windows-ix86+x86_64 1.0.3 43.00 120.00 163.00 OK
r-release-osx-x86_64 1.0.3 OK
r-oldrel-windows-ix86+x86_64 1.0.3 70.00 161.00 231.00 OK
r-oldrel-osx-x86_64 1.0.3 OK

Check Details

Version: 1.0.3
Check: pragmas in C/C++ headers and code
Result: FAIL
    
Flavor: r-devel-linux-x86_64-debian-clang

Version: 1.0.3
Check: compiled code
Result: NOTE
    File ‘ClusterStability/libs/ClusterStability.so’:
     Found no calls to: ‘R_registerRoutines’, ‘R_useDynamicSymbols’
    
    It is good practice to register native routines and to disable symbol
    search.
    
    See ‘Writing portable packages’ in the ‘Writing R Extensions’ manual.
Flavors: r-devel-linux-x86_64-debian-gcc, r-devel-linux-x86_64-fedora-clang, r-devel-linux-x86_64-fedora-gcc, r-patched-linux-x86_64, r-release-linux-x86_64