CRAN Package Check Results for Package ClinReport

Last updated on 2019-10-20 21:48:31 CEST.

Flavor Version Tinstall Tcheck Ttotal Status Flags
r-devel-linux-x86_64-debian-clang 0.9.1.14 11.97 176.09 188.06 OK
r-devel-linux-x86_64-debian-gcc 0.9.1.14 10.69 164.62 175.31 OK
r-devel-linux-x86_64-fedora-clang 0.9.1.14 199.06 NOTE
r-devel-linux-x86_64-fedora-gcc 0.9.1.14 221.90 NOTE
r-devel-windows-ix86+x86_64 0.9.1.14 31.00 146.00 177.00 OK
r-patched-linux-x86_64 0.9.1.14 12.60 159.69 172.29 OK
r-patched-solaris-x86 0.9.1.14 264.00 NOTE
r-release-linux-x86_64 0.9.1.14 11.42 171.26 182.68 OK
r-release-windows-ix86+x86_64 0.9.1.14 41.00 155.00 196.00 OK
r-release-osx-x86_64 0.9.1.14 NOTE
r-oldrel-windows-ix86+x86_64 0.9.1.14 16.00 150.00 166.00 OK
r-oldrel-osx-x86_64 0.9.1.14 NOTE

Check Details

Version: 0.9.1.14
Check: dependencies in R code
Result: NOTE
    Namespaces in Imports field not imported from:
     ‘car’ ‘emmeans’
     All declared Imports should be used.
Flavors: r-devel-linux-x86_64-fedora-clang, r-devel-linux-x86_64-fedora-gcc, r-patched-solaris-x86, r-release-osx-x86_64, r-oldrel-osx-x86_64