CRAN Package Check Results for Package ChemometricsWithR

Last updated on 2018-07-21 14:47:20 CEST.

Flavor Version Tinstall Tcheck Ttotal Status Flags
r-devel-linux-x86_64-debian-clang 0.1.11 2.97 43.32 46.29 OK
r-devel-linux-x86_64-debian-gcc 0.1.11 2.35 33.56 35.91 NOTE
r-devel-linux-x86_64-fedora-clang 0.1.11 54.51 NOTE
r-devel-linux-x86_64-fedora-gcc 0.1.11 51.28 NOTE
r-devel-windows-ix86+x86_64 0.1.11 8.00 77.00 85.00 OK
r-patched-linux-x86_64 0.1.11 NOTE
r-patched-solaris-x86 0.1.11 64.50 NOTE
r-release-linux-x86_64 0.1.11 2.44 41.26 43.70 NOTE
r-release-windows-ix86+x86_64 0.1.11 10.00 72.00 82.00 OK
r-release-osx-x86_64 0.1.11 OK
r-oldrel-windows-ix86+x86_64 0.1.11 6.00 59.00 65.00 OK
r-oldrel-osx-x86_64 0.1.11 OK

Check Details

Version: 0.1.11
Check: package dependencies
Result: NOTE
    Package suggested but not available for checking: ‘rda’
Flavors: r-devel-linux-x86_64-debian-gcc, r-devel-linux-x86_64-fedora-clang, r-devel-linux-x86_64-fedora-gcc, r-patched-linux-x86_64, r-patched-solaris-x86, r-release-linux-x86_64