CRAN Package Check Results for Package Census2016

Last updated on 2019-10-20 21:48:31 CEST.

Flavor Version Tinstall Tcheck Ttotal Status Flags
r-devel-linux-x86_64-debian-clang 0.2.0 7.67 42.06 49.73 OK
r-devel-linux-x86_64-debian-gcc 0.2.0 7.84 33.63 41.47 OK
r-devel-linux-x86_64-fedora-clang 0.2.0 63.94 NOTE
r-devel-linux-x86_64-fedora-gcc 0.2.0 62.94 NOTE
r-devel-windows-ix86+x86_64 0.2.0 18.00 52.00 70.00 OK
r-patched-linux-x86_64 0.2.0 9.09 41.04 50.13 OK
r-patched-solaris-x86 0.2.0 81.10 NOTE
r-release-linux-x86_64 0.2.0 8.72 41.73 50.45 OK
r-release-windows-ix86+x86_64 0.2.0 18.00 52.00 70.00 OK
r-release-osx-x86_64 0.2.0 NOTE
r-oldrel-windows-ix86+x86_64 0.2.0 9.00 49.00 58.00 OK
r-oldrel-osx-x86_64 0.2.0 NOTE

Check Details

Version: 0.2.0
Check: dependencies in R code
Result: NOTE
    Namespace in Imports field not imported from: ‘data.table’
     All declared Imports should be used.
Flavors: r-devel-linux-x86_64-fedora-clang, r-devel-linux-x86_64-fedora-gcc, r-patched-solaris-x86, r-release-osx-x86_64, r-oldrel-osx-x86_64