CRAN Package Check Results for Package CRANsearcher

Last updated on 2019-09-19 16:47:56 CEST.

Flavor Version Tinstall Tcheck Ttotal Status Flags
r-devel-linux-x86_64-debian-clang 1.0.0 5.72 38.55 44.27 OK
r-devel-linux-x86_64-debian-gcc 1.0.0 5.04 29.88 34.92 OK
r-devel-linux-x86_64-fedora-clang 1.0.0 53.23 NOTE
r-devel-linux-x86_64-fedora-gcc 1.0.0 52.00 NOTE
r-devel-windows-ix86+x86_64 1.0.0 22.00 85.00 107.00 OK
r-patched-linux-x86_64 1.0.0 6.01 36.81 42.82 OK
r-patched-solaris-x86 1.0.0 86.30 NOTE
r-release-linux-x86_64 1.0.0 5.37 37.35 42.72 OK
r-release-windows-ix86+x86_64 1.0.0 14.00 50.00 64.00 OK
r-release-osx-x86_64 1.0.0 NOTE
r-oldrel-windows-ix86+x86_64 1.0.0 7.00 53.00 60.00 OK
r-oldrel-osx-x86_64 1.0.0 NOTE

Check Details

Version: 1.0.0
Check: data for non-ASCII characters
Result: NOTE
     Note: found 11 marked Latin-1 strings
     Note: found 57 marked UTF-8 strings
Flavors: r-devel-linux-x86_64-fedora-clang, r-devel-linux-x86_64-fedora-gcc, r-patched-solaris-x86, r-release-osx-x86_64, r-oldrel-osx-x86_64