CRAN Package Check Results for Package CORM

Last updated on 2018-07-21 14:47:21 CEST.

Flavor Version Tinstall Tcheck Ttotal Status Flags
r-devel-linux-x86_64-debian-clang 1.0.2 3.35 44.93 48.28 NOTE
r-devel-linux-x86_64-debian-gcc 1.0.2 3.03 34.79 37.82 NOTE
r-devel-linux-x86_64-fedora-clang 1.0.2 55.44 NOTE
r-devel-linux-x86_64-fedora-gcc 1.0.2 54.73 NOTE
r-devel-windows-ix86+x86_64 1.0.2 8.00 74.00 82.00 NOTE
r-patched-linux-x86_64 1.0.2 NOTE
r-patched-solaris-x86 1.0.2 78.30 NOTE
r-release-linux-x86_64 1.0.2 3.86 40.74 44.60 NOTE
r-release-windows-ix86+x86_64 1.0.2 9.00 56.00 65.00 NOTE
r-release-osx-x86_64 1.0.2 NOTE
r-oldrel-windows-ix86+x86_64 1.0.2 4.00 75.00 79.00 NOTE
r-oldrel-osx-x86_64 1.0.2 NOTE

Check Details

Version: 1.0.2
Check: R code for possible problems
Result: NOTE
    compute.llh: no visible global function definition for ‘dnorm’
    compute.u.hat.simple: no visible global function definition for ‘dnorm’
    fit.CLM.1u.simple.start: no visible global function definition for
     ‘kmeans’
    fit.CLMM.simple.start: no visible global function definition for
     ‘kmeans’
    fit.CLMM.simple.start.NA: no visible global function definition for
     ‘kmeans’
    Undefined global functions or variables:
     dnorm kmeans
    Consider adding
     importFrom("stats", "dnorm", "kmeans")
    to your NAMESPACE file.
Flavors: r-devel-linux-x86_64-debian-clang, r-devel-linux-x86_64-debian-gcc, r-devel-linux-x86_64-fedora-clang, r-devel-linux-x86_64-fedora-gcc, r-devel-windows-ix86+x86_64, r-patched-linux-x86_64, r-patched-solaris-x86, r-release-linux-x86_64, r-release-windows-ix86+x86_64, r-release-osx-x86_64, r-oldrel-windows-ix86+x86_64, r-oldrel-osx-x86_64