CRAN Package Check Results for Package CORM

Last updated on 2017-12-18 18:47:07 CET.

Flavor Version Tinstall Tcheck Ttotal Status Flags
r-devel-linux-x86_64-debian-clang 1.0.2 1.36 36.76 38.12 NOTE
r-devel-linux-x86_64-debian-gcc 1.0.2 0.91 32.05 32.96 NOTE
r-devel-linux-x86_64-fedora-clang 1.0.2 47.92 NOTE
r-devel-linux-x86_64-fedora-gcc 1.0.2 46.68 NOTE
r-devel-windows-ix86+x86_64 1.0.2 4.00 45.00 49.00 NOTE
r-patched-linux-x86_64 1.0.2 1.21 39.80 41.01 NOTE
r-patched-solaris-x86 1.0.2 64.40 NOTE
r-release-linux-x86_64 1.0.2 1.21 40.35 41.56 NOTE
r-release-windows-ix86+x86_64 1.0.2 3.00 67.00 70.00 NOTE
r-release-osx-x86_64 1.0.2 NOTE
r-oldrel-windows-ix86+x86_64 1.0.2 6.00 62.00 68.00 NOTE
r-oldrel-osx-x86_64 1.0.2 NOTE

Check Details

Version: 1.0.2
Check: R code for possible problems
Result: NOTE
    compute.llh: no visible global function definition for ‘dnorm’
    compute.u.hat.simple: no visible global function definition for ‘dnorm’
    fit.CLM.1u.simple.start: no visible global function definition for
     ‘kmeans’
    fit.CLMM.simple.start: no visible global function definition for
     ‘kmeans’
    fit.CLMM.simple.start.NA: no visible global function definition for
     ‘kmeans’
    Undefined global functions or variables:
     dnorm kmeans
    Consider adding
     importFrom("stats", "dnorm", "kmeans")
    to your NAMESPACE file.
Flavors: r-devel-linux-x86_64-debian-clang, r-devel-linux-x86_64-debian-gcc, r-devel-linux-x86_64-fedora-clang, r-devel-linux-x86_64-fedora-gcc, r-devel-windows-ix86+x86_64, r-patched-linux-x86_64, r-patched-solaris-x86, r-release-linux-x86_64, r-release-windows-ix86+x86_64, r-release-osx-x86_64, r-oldrel-windows-ix86+x86_64, r-oldrel-osx-x86_64