CRAN Package Check Results for Package CHsharp

Last updated on 2018-02-18 01:46:23 CET.

Flavor Version Tinstall Tcheck Ttotal Status Flags
r-devel-linux-x86_64-debian-clang 0.4 1.68 18.77 20.45 NOTE
r-devel-linux-x86_64-debian-gcc 0.4 1.49 15.01 16.50 NOTE
r-devel-linux-x86_64-fedora-clang 0.4 24.34 NOTE
r-devel-linux-x86_64-fedora-gcc 0.4 23.62 NOTE
r-devel-windows-ix86+x86_64 0.4 7.00 41.00 48.00 OK
r-patched-linux-x86_64 0.4 1.49 17.78 19.27 NOTE
r-patched-solaris-x86 0.4 33.40 OK
r-release-linux-x86_64 0.4 1.21 17.70 18.91 NOTE
r-release-windows-ix86+x86_64 0.4 11.00 44.00 55.00 OK
r-release-osx-x86_64 0.4 OK
r-oldrel-windows-ix86+x86_64 0.4 8.00 43.00 51.00 OK
r-oldrel-osx-x86_64 0.4 OK

Check Details

Version: 0.4
Check: compiled code
Result: NOTE
    File ‘CHsharp/libs/CHsharp.so’:
     Found no calls to: ‘R_registerRoutines’, ‘R_useDynamicSymbols’
    
    It is good practice to register native routines and to disable symbol
    search.
    
    See ‘Writing portable packages’ in the ‘Writing R Extensions’ manual.
Flavors: r-devel-linux-x86_64-debian-clang, r-devel-linux-x86_64-debian-gcc, r-devel-linux-x86_64-fedora-clang, r-devel-linux-x86_64-fedora-gcc, r-patched-linux-x86_64, r-release-linux-x86_64