CRAN Package Check Results for Package CHsharp

Last updated on 2017-12-14 03:48:43 CET.

Flavor Version Tinstall Tcheck Ttotal Status Flags
r-devel-linux-x86_64-debian-clang 0.4 1.23 16.28 17.51 NOTE
r-devel-linux-x86_64-debian-gcc 0.4 1.11 15.63 16.74 NOTE
r-devel-linux-x86_64-fedora-clang 0.4 21.43 NOTE
r-devel-linux-x86_64-fedora-gcc 0.4 23.01 NOTE
r-devel-windows-ix86+x86_64 0.4 12.00 37.00 49.00 OK
r-patched-linux-x86_64 0.4 1.15 17.27 18.42 NOTE
r-patched-solaris-x86 0.4 34.40 OK
r-release-linux-x86_64 0.4 1.28 17.21 18.49 NOTE
r-release-windows-ix86+x86_64 0.4 6.00 53.00 59.00 OK
r-release-osx-x86_64 0.4 OK
r-oldrel-windows-ix86+x86_64 0.4 11.00 46.00 57.00 OK
r-oldrel-osx-x86_64 0.4 OK

Check Details

Version: 0.4
Check: compiled code
Result: NOTE
    File ‘CHsharp/libs/CHsharp.so’:
     Found no calls to: ‘R_registerRoutines’, ‘R_useDynamicSymbols’
    
    It is good practice to register native routines and to disable symbol
    search.
    
    See ‘Writing portable packages’ in the ‘Writing R Extensions’ manual.
Flavors: r-devel-linux-x86_64-debian-clang, r-devel-linux-x86_64-debian-gcc, r-devel-linux-x86_64-fedora-clang, r-devel-linux-x86_64-fedora-gcc, r-patched-linux-x86_64, r-release-linux-x86_64