CRAN Package Check Results for Package CHsharp

Last updated on 2018-08-21 22:49:47 CEST.

Flavor Version Tinstall Tcheck Ttotal Status Flags
r-devel-linux-x86_64-debian-clang 0.4 2.04 20.75 22.79 NOTE
r-devel-linux-x86_64-debian-gcc 0.4 1.43 16.60 18.03 NOTE
r-devel-linux-x86_64-fedora-clang 0.4 27.63 NOTE
r-devel-linux-x86_64-fedora-gcc 0.4 25.36 NOTE
r-devel-windows-ix86+x86_64 0.4 12.00 55.00 67.00 OK
r-patched-linux-x86_64 0.4 1.72 19.14 20.86 NOTE
r-patched-solaris-x86 0.4 41.10 OK
r-release-linux-x86_64 0.4 1.74 18.91 20.65 NOTE
r-release-windows-ix86+x86_64 0.4 11.00 59.00 70.00 OK
r-release-osx-x86_64 0.4 OK
r-oldrel-windows-ix86+x86_64 0.4 6.00 48.00 54.00 OK
r-oldrel-osx-x86_64 0.4 OK

Check Details

Version: 0.4
Check: compiled code
Result: NOTE
    File ‘CHsharp/libs/CHsharp.so’:
     Found no calls to: ‘R_registerRoutines’, ‘R_useDynamicSymbols’
    
    It is good practice to register native routines and to disable symbol
    search.
    
    See ‘Writing portable packages’ in the ‘Writing R Extensions’ manual.
Flavors: r-devel-linux-x86_64-debian-clang, r-devel-linux-x86_64-debian-gcc, r-devel-linux-x86_64-fedora-clang, r-devel-linux-x86_64-fedora-gcc, r-patched-linux-x86_64, r-release-linux-x86_64