CRAN Package Check Results for Package CHsharp

Last updated on 2018-11-18 10:49:53 CET.

Flavor Version Tinstall Tcheck Ttotal Status Flags
r-devel-linux-x86_64-debian-clang 0.4 1.86 19.89 21.75 OK
r-devel-linux-x86_64-debian-gcc 0.4 1.33 16.23 17.56 OK
r-devel-linux-x86_64-fedora-clang 0.4 26.13 NOTE
r-devel-linux-x86_64-fedora-gcc 0.4 26.57 NOTE
r-devel-windows-ix86+x86_64 0.4 8.00 52.00 60.00 OK
r-patched-linux-x86_64 0.4 1.92 18.93 20.85 OK
r-patched-solaris-x86 0.4 39.80 OK
r-release-linux-x86_64 0.4 1.84 19.11 20.95 OK
r-release-windows-ix86+x86_64 0.4 9.00 53.00 62.00 OK
r-release-osx-x86_64 0.4 OK
r-oldrel-windows-ix86+x86_64 0.4 11.00 49.00 60.00 OK
r-oldrel-osx-x86_64 0.4 OK

Check Details

Version: 0.4
Check: compiled code
Result: NOTE
    File ‘CHsharp/libs/CHsharp.so’:
     Found no calls to: ‘R_registerRoutines’, ‘R_useDynamicSymbols’
    
    It is good practice to register native routines and to disable symbol
    search.
    
    See ‘Writing portable packages’ in the ‘Writing R Extensions’ manual.
Flavors: r-devel-linux-x86_64-fedora-clang, r-devel-linux-x86_64-fedora-gcc