CRAN Package Check Results for Package CEC

Last updated on 2018-07-21 14:47:20 CEST.

Flavor Version Tinstall Tcheck Ttotal Status Flags
r-devel-linux-x86_64-debian-clang 0.10.1 21.78 28.16 49.94 OK
r-devel-linux-x86_64-debian-gcc 0.10.1 20.01 22.38 42.39 OK
r-devel-linux-x86_64-fedora-clang 0.10.1 30.00 ERROR
r-devel-linux-x86_64-fedora-gcc 0.10.1 67.06 OK
r-devel-windows-ix86+x86_64 0.10.1 85.00 73.00 158.00 OK
r-patched-linux-x86_64 0.10.1 OK
r-patched-solaris-x86 0.10.1 83.50 OK
r-release-linux-x86_64 0.10.1 25.85 26.82 52.67 OK
r-release-windows-ix86+x86_64 0.10.1 89.00 79.00 168.00 OK
r-release-osx-x86_64 0.10.1 ERROR
r-oldrel-windows-ix86+x86_64 0.10.1 71.00 62.00 133.00 OK
r-oldrel-osx-x86_64 0.10.1 ERROR

Check Details

Version: 0.10.1
Check: whether package can be installed
Result: ERROR
    Installation failed.
Flavors: r-devel-linux-x86_64-fedora-clang, r-release-osx-x86_64, r-oldrel-osx-x86_64