CRAN Package Check Results for Package CEC

Last updated on 2017-12-15 15:48:08 CET.

Flavor Version Tinstall Tcheck Ttotal Status Flags
r-devel-linux-x86_64-debian-clang 0.9.4 3.73 25.28 29.01 NOTE
r-devel-linux-x86_64-debian-gcc 0.9.4 3.24 21.16 24.40 NOTE
r-devel-linux-x86_64-fedora-clang 0.9.4 34.63 NOTE
r-devel-linux-x86_64-fedora-gcc 0.9.4 34.53 NOTE
r-devel-windows-ix86+x86_64 0.9.4 31.00 54.00 85.00 OK
r-patched-linux-x86_64 0.9.4 3.47 24.83 28.30 NOTE
r-patched-solaris-x86 0.9.4 52.70 WARN
r-release-linux-x86_64 0.9.4 3.43 24.66 28.09 NOTE
r-release-windows-ix86+x86_64 0.9.4 20.00 43.00 63.00 OK
r-release-osx-x86_64 0.9.4 OK
r-oldrel-windows-ix86+x86_64 0.9.4 103.00 39.00 142.00 OK
r-oldrel-osx-x86_64 0.9.4 OK

Check Details

Version: 0.9.4
Check: compiled code
Result: NOTE
    File ‘CEC/libs/CEC.so’:
     Found no calls to: ‘R_registerRoutines’, ‘R_useDynamicSymbols’
    
    It is good practice to register native routines and to disable symbol
    search.
    
    See ‘Writing portable packages’ in the ‘Writing R Extensions’ manual.
Flavors: r-devel-linux-x86_64-debian-clang, r-devel-linux-x86_64-debian-gcc, r-devel-linux-x86_64-fedora-clang, r-devel-linux-x86_64-fedora-gcc, r-patched-linux-x86_64, r-release-linux-x86_64

Version: 0.9.4
Check: whether package can be installed
Result: WARN
    Found the following significant warnings:
     "cec_r.c", line 192: warning: improper pointer/integer combination: op "="
     "cec_r.c", line 267: warning: improper pointer/integer combination: op ":"
Flavor: r-patched-solaris-x86