CRAN Package Check Results for Package Bmix

Last updated on 2017-12-14 13:47:58 CET.

Flavor Version Tinstall Tcheck Ttotal Status Flags
r-devel-linux-x86_64-debian-clang 0.6 7.14 11.72 18.86 FAIL
r-devel-linux-x86_64-debian-gcc 0.6 5.81 11.08 16.89 FAIL
r-devel-linux-x86_64-fedora-clang 0.6 31.36 NOTE
r-devel-linux-x86_64-fedora-gcc 0.6 27.87 NOTE
r-devel-windows-ix86+x86_64 0.6 36.00 52.00 88.00 OK
r-patched-linux-x86_64 0.6 6.92 15.41 22.33 NOTE
r-patched-solaris-x86 0.6 45.60 OK
r-release-linux-x86_64 0.6 6.90 15.57 22.47 NOTE
r-release-windows-ix86+x86_64 0.6 24.00 40.00 64.00 OK
r-release-osx-x86_64 0.6 OK
r-oldrel-windows-ix86+x86_64 0.6 39.00 53.00 92.00 OK
r-oldrel-osx-x86_64 0.6 OK

Check Details

Version: 0.6
Check: pragmas in C/C++ headers and code
Result: FAIL
    
Flavors: r-devel-linux-x86_64-debian-clang, r-devel-linux-x86_64-debian-gcc

Version: 0.6
Check: compiled code
Result: NOTE
    File ‘Bmix/libs/Bmix.so’:
     Found no calls to: ‘R_registerRoutines’, ‘R_useDynamicSymbols’
    
    It is good practice to register native routines and to disable symbol
    search.
    
    See ‘Writing portable packages’ in the ‘Writing R Extensions’ manual.
Flavors: r-devel-linux-x86_64-fedora-clang, r-devel-linux-x86_64-fedora-gcc, r-patched-linux-x86_64, r-release-linux-x86_64