CRAN Package Check Results for Package Bmix

Last updated on 2018-05-27 06:46:35 CEST.

Flavor Version Tinstall Tcheck Ttotal Status Flags
r-devel-linux-x86_64-debian-clang 0.6 9.48 18.11 27.59 NOTE
r-devel-linux-x86_64-debian-gcc 0.6 6.76 14.43 21.19 NOTE
r-devel-linux-x86_64-fedora-clang 0.6 34.77 NOTE
r-devel-linux-x86_64-fedora-gcc 0.6 30.44 NOTE
r-devel-windows-ix86+x86_64 0.6 33.00 48.00 81.00 OK
r-patched-linux-x86_64 0.6 8.59 17.18 25.77 NOTE
r-patched-solaris-x86 0.6 46.30 OK
r-release-linux-x86_64 0.6 7.95 17.00 24.95 NOTE
r-release-windows-ix86+x86_64 0.6 32.00 61.00 93.00 OK
r-release-osx-x86_64 0.6 OK
r-oldrel-windows-ix86+x86_64 0.6 26.00 37.00 63.00 OK
r-oldrel-osx-x86_64 0.6 OK

Check Details

Version: 0.6
Check: compiled code
Result: NOTE
    File ‘Bmix/libs/Bmix.so’:
     Found no calls to: ‘R_registerRoutines’, ‘R_useDynamicSymbols’
    
    It is good practice to register native routines and to disable symbol
    search.
    
    See ‘Writing portable packages’ in the ‘Writing R Extensions’ manual.
Flavors: r-devel-linux-x86_64-debian-clang, r-devel-linux-x86_64-debian-gcc, r-devel-linux-x86_64-fedora-clang, r-devel-linux-x86_64-fedora-gcc, r-patched-linux-x86_64, r-release-linux-x86_64