CRAN Package Check Results for Package Bmix

Last updated on 2018-11-18 10:49:52 CET.

Flavor Version Tinstall Tcheck Ttotal Status Flags
r-devel-linux-x86_64-debian-clang 0.6 9.68 18.10 27.78 OK
r-devel-linux-x86_64-debian-gcc 0.6 6.80 15.13 21.93 OK
r-devel-linux-x86_64-fedora-clang 0.6 36.51 NOTE
r-devel-linux-x86_64-fedora-gcc 0.6 31.52 NOTE
r-devel-windows-ix86+x86_64 0.6 29.00 62.00 91.00 OK
r-patched-linux-x86_64 0.6 8.25 17.04 25.29 OK
r-patched-solaris-x86 0.6 45.70 OK
r-release-linux-x86_64 0.6 9.00 17.07 26.07 OK
r-release-windows-ix86+x86_64 0.6 24.00 42.00 66.00 OK
r-release-osx-x86_64 0.6 OK
r-oldrel-windows-ix86+x86_64 0.6 23.00 51.00 74.00 OK
r-oldrel-osx-x86_64 0.6 OK

Check Details

Version: 0.6
Check: compiled code
Result: NOTE
    File ‘Bmix/libs/Bmix.so’:
     Found no calls to: ‘R_registerRoutines’, ‘R_useDynamicSymbols’
    
    It is good practice to register native routines and to disable symbol
    search.
    
    See ‘Writing portable packages’ in the ‘Writing R Extensions’ manual.
Flavors: r-devel-linux-x86_64-fedora-clang, r-devel-linux-x86_64-fedora-gcc