CRAN Package Check Results for Package BiodiversityR

Last updated on 2017-12-17 13:47:56 CET.

Flavor Version Tinstall Tcheck Ttotal Status Flags
r-devel-linux-x86_64-debian-clang 2.8-4 8.26 179.75 188.01 OK
r-devel-linux-x86_64-debian-gcc 2.8-4 7.93 139.60 147.53 OK
r-devel-linux-x86_64-fedora-clang 2.8-4 220.46 OK
r-devel-linux-x86_64-fedora-gcc 2.8-4 217.61 OK
r-devel-windows-ix86+x86_64 2.8-4 28.00 175.00 203.00 OK
r-patched-linux-x86_64 2.8-4 9.36 192.99 202.35 OK
r-patched-solaris-x86 2.8-4 342.60 OK
r-release-linux-x86_64 2.8-4 9.96 192.11 202.07 OK
r-release-windows-ix86+x86_64 2.8-4 22.00 183.00 205.00 OK
r-release-osx-x86_64 2.8-4 OK
r-oldrel-windows-ix86+x86_64 2.8-4 35.00 237.00 272.00 OK
r-oldrel-osx-x86_64 2.8-4 NOTE

Check Details

Version: 2.8-4
Check: package dependencies
Result: NOTE
    Package suggested but not available for checking: ‘RODBC’
Flavor: r-oldrel-osx-x86_64