CRAN Package Check Results for Package BiasedUrn

Last updated on 2019-09-24 10:51:16 CEST.

Flavor Version Tinstall Tcheck Ttotal Status Flags
r-devel-linux-x86_64-debian-clang 1.07 7.44 21.69 29.13 OK
r-devel-linux-x86_64-debian-gcc 1.07 6.11 17.20 23.31 OK
r-devel-linux-x86_64-fedora-clang 1.07 38.44 NOTE
r-devel-linux-x86_64-fedora-gcc 1.07 36.81 NOTE
r-devel-windows-ix86+x86_64 1.07 24.00 48.00 72.00 OK
r-patched-linux-x86_64 1.07 5.85 21.19 27.04 OK
r-patched-solaris-x86 1.07 58.40 OK
r-release-linux-x86_64 1.07 6.08 21.17 27.25 OK
r-release-windows-ix86+x86_64 1.07 21.00 55.00 76.00 OK
r-release-osx-x86_64 1.07 OK
r-oldrel-windows-ix86+x86_64 1.07 19.00 34.00 53.00 OK
r-oldrel-osx-x86_64 1.07 OK

Check Details

Version: 1.07
Check: compiled code
Result: NOTE
    File ‘BiasedUrn/libs/BiasedUrn.so’:
     Found no calls to: ‘R_registerRoutines’, ‘R_useDynamicSymbols’
    
    It is good practice to register native routines and to disable symbol
    search.
    
    See ‘Writing portable packages’ in the ‘Writing R Extensions’ manual.
Flavors: r-devel-linux-x86_64-fedora-clang, r-devel-linux-x86_64-fedora-gcc