CRAN Package Check Results for Package BcDiag

Last updated on 2018-01-22 14:46:23 CET.

Flavor Version Tinstall Tcheck Ttotal Status Flags
r-devel-linux-x86_64-debian-clang 1.0.10 1.56 46.79 48.35 OK
r-devel-linux-x86_64-debian-gcc 1.0.10 1.77 40.36 42.13 OK
r-devel-windows-ix86+x86_64 1.0.10 9.00 62.00 71.00 OK
r-patched-linux-x86_64 1.0.10 2.02 52.09 54.11 OK
r-patched-solaris-x86 1.0.10 111.40 OK
r-release-linux-x86_64 1.0.10 2.22 52.38 54.60 OK
r-release-windows-ix86+x86_64 1.0.10 8.00 86.00 94.00 OK
r-release-osx-x86_64 1.0.10 ERROR
r-oldrel-windows-ix86+x86_64 1.0.10 7.00 68.00 75.00 OK
r-oldrel-osx-x86_64 1.0.10 OK

Check Details

Version: 1.0.10
Check: package dependencies
Result: ERROR
    Package required but not available: ‘fabia’
    
    See section ‘The DESCRIPTION file’ in the ‘Writing R Extensions’
    manual.
Flavor: r-release-osx-x86_64