CRAN Package Check Results for Package BayesianFROC

Last updated on 2019-09-15 15:47:17 CEST.

Flavor Version Tinstall Tcheck Ttotal Status Flags
r-devel-linux-x86_64-debian-clang 0.1.5 18.46 115.86 134.32 OK
r-devel-linux-x86_64-debian-gcc 0.1.5 14.71 88.55 103.26 OK
r-devel-linux-x86_64-fedora-clang 0.1.5 170.43 NOTE
r-devel-linux-x86_64-fedora-gcc 0.1.5 165.58 OK
r-devel-windows-ix86+x86_64 0.1.5 58.00 186.00 244.00 OK
r-patched-linux-x86_64 0.1.5 17.78 113.17 130.95 OK
r-patched-solaris-x86 0.1.5 207.10 NOTE
r-release-linux-x86_64 0.1.5 17.93 112.29 130.22 OK
r-release-windows-ix86+x86_64 0.1.5 33.00 125.00 158.00 OK
r-release-osx-x86_64 0.1.5 OK
r-oldrel-windows-ix86+x86_64 0.1.5 37.00 175.00 212.00 OK
r-oldrel-osx-x86_64 0.1.5 OK

Check Details

Version: 0.1.5
Check: installed package size
Result: NOTE
     installed size is 5.0Mb
     sub-directories of 1Mb or more:
     doc 1.6Mb
     extdata 1.6Mb
Flavors: r-devel-linux-x86_64-fedora-clang, r-patched-solaris-x86