CRAN Package Check Results for Package BayesianFROC

Last updated on 2020-01-22 14:48:27 CET.

Flavor Version Tinstall Tcheck Ttotal Status Flags
r-devel-linux-x86_64-debian-clang 0.2.1 24.03 134.01 158.04 OK
r-devel-linux-x86_64-debian-gcc 0.2.1 19.68 102.86 122.54 OK
r-devel-linux-x86_64-fedora-clang 0.2.1 197.36 OK
r-devel-linux-x86_64-fedora-gcc 0.2.1 186.63 OK
r-devel-windows-ix86+x86_64 0.2.1 54.00 214.00 268.00 OK
r-devel-windows-ix86+x86_64-gcc8 0.2.0 63.00 207.00 270.00 OK
r-patched-linux-x86_64 0.2.1 20.29 122.13 142.42 OK
r-patched-solaris-x86 0.2.1 224.40 OK
r-release-linux-x86_64 0.2.1 19.99 122.57 142.56 OK
r-release-windows-ix86+x86_64 0.2.0 34.00 128.00 162.00 OK
r-release-osx-x86_64 0.2.1 NOTE
r-oldrel-windows-ix86+x86_64 0.2.1 46.00 213.00 259.00 OK
r-oldrel-osx-x86_64 0.2.1 NOTE

Check Details

Version: 0.2.1
Check: dependencies in R code
Result: NOTE
    No protocol specified
    No protocol specified
Flavors: r-release-osx-x86_64, r-oldrel-osx-x86_64