CRAN Package Check Results for Package AzureKeyVault

Last updated on 2019-09-20 00:47:29 CEST.

Flavor Version Tinstall Tcheck Ttotal Status Flags
r-devel-linux-x86_64-debian-clang 1.0.1 8.51 25.65 34.16 OK
r-devel-linux-x86_64-debian-gcc 1.0.1 8.03 21.05 29.08 OK
r-devel-linux-x86_64-fedora-clang 1.0.1 45.17 NOTE
r-devel-linux-x86_64-fedora-gcc 1.0.1 44.42 NOTE
r-devel-windows-ix86+x86_64 1.0.1 22.00 41.00 63.00 OK
r-patched-linux-x86_64 1.0.1 8.02 26.08 34.10 OK
r-patched-solaris-x86 1.0.1 65.80 NOTE
r-release-linux-x86_64 1.0.1 9.31 26.12 35.43 OK
r-release-windows-ix86+x86_64 1.0.1 14.00 50.00 64.00 OK
r-release-osx-x86_64 1.0.1 NOTE
r-oldrel-windows-ix86+x86_64 1.0.1 12.00 50.00 62.00 OK
r-oldrel-osx-x86_64 1.0.1 NOTE

Check Details

Version: 1.0.1
Check: dependencies in R code
Result: NOTE
    Namespaces in Imports field not imported from:
     ‘R6’ ‘jose’ ‘openssl’
     All declared Imports should be used.
Flavors: r-devel-linux-x86_64-fedora-clang, r-devel-linux-x86_64-fedora-gcc, r-patched-solaris-x86, r-release-osx-x86_64, r-oldrel-osx-x86_64