CRAN Package Check Results for Package Arothron

Last updated on 2019-09-20 00:47:29 CEST.

Flavor Version Tinstall Tcheck Ttotal Status Flags
r-devel-linux-x86_64-debian-clang 1.0.2 9.08 81.85 90.93 OK
r-devel-linux-x86_64-debian-gcc 1.0.2 7.51 66.65 74.16 OK
r-devel-linux-x86_64-fedora-clang 1.0.2 115.55 OK
r-devel-linux-x86_64-fedora-gcc 1.0.2 110.13 OK
r-devel-windows-ix86+x86_64 1.0.2 39.00 160.00 199.00 OK
r-patched-linux-x86_64 1.0.2 9.34 81.41 90.75 OK
r-patched-solaris-x86 1.0.2 178.10 OK
r-release-linux-x86_64 1.0.2 7.27 81.90 89.17 OK
r-release-windows-ix86+x86_64 1.0.2 16.00 87.00 103.00 OK
r-release-osx-x86_64 1.0.2 WARN
r-oldrel-windows-ix86+x86_64 1.0.2 11.00 86.00 97.00 OK
r-oldrel-osx-x86_64 1.0.2 WARN

Check Details

Version: 1.0.2
Check: whether package can be installed
Result: WARN
    Found the following significant warnings:
     Warning: 'rgl_init' failed, running with rgl.useNULL = TRUE
Flavors: r-release-osx-x86_64, r-oldrel-osx-x86_64