CRAN Package Check Results for Package ArfimaMLM

Last updated on 2019-10-20 20:48:17 CEST.

Flavor Version Tinstall Tcheck Ttotal Status Flags
r-devel-linux-x86_64-debian-clang 1.3 8.37 82.00 90.37 NOTE
r-devel-linux-x86_64-debian-gcc 1.3 8.38 64.85 73.23 NOTE
r-devel-linux-x86_64-fedora-clang 1.3 108.71 NOTE
r-devel-linux-x86_64-fedora-gcc 1.3 110.18 NOTE
r-devel-windows-ix86+x86_64 1.3 19.00 129.00 148.00 NOTE
r-patched-linux-x86_64 1.3 7.27 80.10 87.37 NOTE
r-patched-solaris-x86 1.3 166.20 NOTE
r-release-linux-x86_64 1.3 8.26 81.03 89.29 NOTE
r-release-windows-ix86+x86_64 1.3 27.00 95.00 122.00 NOTE
r-release-osx-x86_64 1.3 NOTE
r-oldrel-windows-ix86+x86_64 1.3 8.00 80.00 88.00 NOTE
r-oldrel-osx-x86_64 1.3 NOTE

Check Details

Version: 1.3
Check: R code for possible problems
Result: NOTE
    arfimaOLS: no visible global function definition for 'lm'
    arfimaPrep: no visible global function definition for 'aggregate'
    arfimaPrep: no visible global function definition for 'arima'
    arfimaPrep: no visible global function definition for 'lm'
    arfimaPrep: no visible global function definition for 'residuals'
    Undefined global functions or variables:
     aggregate arima lm residuals
    Consider adding
     importFrom("stats", "aggregate", "arima", "lm", "residuals")
    to your NAMESPACE file.
Flavors: r-devel-linux-x86_64-debian-clang, r-devel-linux-x86_64-debian-gcc, r-devel-linux-x86_64-fedora-clang, r-devel-linux-x86_64-fedora-gcc, r-devel-windows-ix86+x86_64, r-patched-linux-x86_64, r-patched-solaris-x86, r-release-linux-x86_64, r-release-windows-ix86+x86_64, r-release-osx-x86_64, r-oldrel-windows-ix86+x86_64, r-oldrel-osx-x86_64