CRAN Package Check Results for Package ArchaeoPhases

Last updated on 2019-07-16 07:50:36 CEST.

Flavor Version Tinstall Tcheck Ttotal Status Flags
r-devel-linux-x86_64-debian-clang 1.4 7.29 148.67 155.96 NOTE
r-devel-linux-x86_64-debian-gcc 1.4 6.33 112.72 119.05 NOTE
r-devel-linux-x86_64-fedora-clang 1.4 189.52 NOTE
r-devel-linux-x86_64-fedora-gcc 1.4 177.40 NOTE
r-devel-windows-ix86+x86_64 1.4 26.00 217.00 243.00 OK
r-patched-linux-x86_64 1.4 8.33 139.37 147.70 OK
r-patched-solaris-x86 1.4 289.40 NOTE
r-release-linux-x86_64 1.4 6.24 141.36 147.60 OK
r-release-windows-ix86+x86_64 1.4 16.00 159.00 175.00 OK
r-release-osx-x86_64 1.4 NOTE
r-oldrel-windows-ix86+x86_64 1.4 16.00 203.00 219.00 OK
r-oldrel-osx-x86_64 1.4 NOTE

Check Details

Version: 1.4
Check: for non-standard things in the check directory
Result: NOTE
    Found the following files/directories:
     'CharacteristicsOfPhase.svg' 'Characteristics_Event.2.svg'
     'MinMaxPhases.csv' 'MultiPhasePlot.png' 'MultiSuccessionPlot.svg'
     'Succession.png' 'data.csv' 'fishpond_MCMC.csv'
Flavors: r-devel-linux-x86_64-debian-clang, r-devel-linux-x86_64-debian-gcc, r-devel-linux-x86_64-fedora-clang, r-devel-linux-x86_64-fedora-gcc

Version: 1.4
Check: dependencies in R code
Result: NOTE
    Namespace in Imports field not imported from: ‘DT’
     All declared Imports should be used.
Flavors: r-devel-linux-x86_64-fedora-clang, r-devel-linux-x86_64-fedora-gcc, r-patched-solaris-x86, r-release-osx-x86_64, r-oldrel-osx-x86_64