CRAN Package Check Results for Package ArchaeoPhases

Last updated on 2019-04-25 09:50:11 CEST.

Flavor Version Tinstall Tcheck Ttotal Status Flags
r-devel-linux-x86_64-debian-clang 1.4 7.61 149.62 157.23 OK
r-devel-linux-x86_64-debian-gcc 1.4 6.64 111.55 118.19 OK
r-devel-linux-x86_64-fedora-clang 1.4 192.29 NOTE
r-devel-linux-x86_64-fedora-gcc 1.4 177.94 NOTE
r-devel-windows-ix86+x86_64 1.4 22.00 212.00 234.00 OK
r-patched-linux-x86_64 1.4 7.59 140.35 147.94 OK
r-patched-solaris-x86 1.4 284.60 NOTE
r-release-linux-x86_64 1.4 4.61 143.23 147.84 OK
r-release-windows-ix86+x86_64 1.4 10.00 156.00 166.00 OK
r-release-osx-x86_64 1.4 NOTE
r-oldrel-windows-ix86+x86_64 1.4 13.00 173.00 186.00 OK
r-oldrel-osx-x86_64 1.4 NOTE

Check Details

Version: 1.4
Check: dependencies in R code
Result: NOTE
    Namespace in Imports field not imported from: ‘DT’
     All declared Imports should be used.
Flavors: r-devel-linux-x86_64-fedora-clang, r-devel-linux-x86_64-fedora-gcc, r-patched-solaris-x86, r-release-osx-x86_64, r-oldrel-osx-x86_64