CRAN Package Check Results for Package AnDE

Last updated on 2019-09-15 13:47:08 CEST.

Flavor Version Tinstall Tcheck Ttotal Status Flags
r-devel-linux-x86_64-debian-clang 1.0 2.87 23.05 25.92 NOTE
r-devel-linux-x86_64-debian-gcc 1.0 2.25 18.42 20.67 NOTE
r-devel-linux-x86_64-fedora-clang 1.0 30.95 NOTE
r-devel-linux-x86_64-fedora-gcc 1.0 31.93 NOTE
r-devel-windows-ix86+x86_64 1.0 11.00 38.00 49.00 NOTE
r-patched-linux-x86_64 1.0 2.51 22.72 25.23 NOTE
r-patched-solaris-x86 1.0 54.20 NOTE
r-release-linux-x86_64 1.0 2.26 22.77 25.03 NOTE
r-release-windows-ix86+x86_64 1.0 6.00 56.00 62.00 NOTE
r-release-osx-x86_64 1.0 NOTE
r-oldrel-windows-ix86+x86_64 1.0 6.00 36.00 42.00 NOTE
r-oldrel-osx-x86_64 1.0 NOTE

Check Details

Version: 1.0
Check: top-level files
Result: NOTE
    Non-standard files/directories found at top level:
     'AnDE.pdf' 'DESCRIPTION.dcf' 'helpme'
Flavors: r-devel-linux-x86_64-debian-clang, r-devel-linux-x86_64-debian-gcc, r-devel-linux-x86_64-fedora-clang, r-devel-linux-x86_64-fedora-gcc, r-patched-linux-x86_64, r-release-linux-x86_64

Version: 1.0
Check: dependencies in R code
Result: NOTE
    Packages in Depends field not imported from:
     'discretization' 'foreign' 'functional' 'stringr'
     These packages need to be imported from (in the NAMESPACE file)
     for when this namespace is loaded but not attached.
Flavors: r-devel-linux-x86_64-debian-clang, r-devel-linux-x86_64-debian-gcc, r-devel-linux-x86_64-fedora-clang, r-devel-linux-x86_64-fedora-gcc, r-devel-windows-ix86+x86_64, r-patched-linux-x86_64, r-patched-solaris-x86, r-release-linux-x86_64, r-release-windows-ix86+x86_64, r-release-osx-x86_64, r-oldrel-windows-ix86+x86_64, r-oldrel-osx-x86_64

Version: 1.0
Check: R code for possible problems
Result: NOTE
    aode: no visible global function definition for 'Compose'
    mdl: no visible global function definition for 'cutPoints'
    setVar: no visible global function definition for 'Compose'
    Undefined global functions or variables:
     Compose cutPoints
Flavors: r-devel-linux-x86_64-debian-clang, r-devel-linux-x86_64-debian-gcc, r-devel-linux-x86_64-fedora-clang, r-devel-linux-x86_64-fedora-gcc, r-devel-windows-ix86+x86_64, r-patched-linux-x86_64, r-patched-solaris-x86, r-release-linux-x86_64, r-release-windows-ix86+x86_64, r-release-osx-x86_64, r-oldrel-windows-ix86+x86_64, r-oldrel-osx-x86_64