CRAN Package Check Results for Package AhoCorasickTrie

Last updated on 2019-09-20 21:46:18 CEST.

Flavor Version Tinstall Tcheck Ttotal Status Flags
r-devel-linux-x86_64-debian-clang 0.1.0 19.24 33.09 52.33 NOTE
r-devel-linux-x86_64-debian-gcc 0.1.0 14.64 26.98 41.62 NOTE
r-devel-linux-x86_64-fedora-clang 0.1.0 73.08 NOTE
r-devel-linux-x86_64-fedora-gcc 0.1.0 65.86 NOTE
r-devel-windows-ix86+x86_64 0.1.0 60.00 71.00 131.00 OK
r-patched-linux-x86_64 0.1.0 17.84 32.85 50.69 NOTE
r-patched-solaris-x86 0.1.0 81.60 NOTE
r-release-linux-x86_64 0.1.0 17.84 32.68 50.52 NOTE
r-release-windows-ix86+x86_64 0.1.0 38.00 62.00 100.00 OK
r-release-osx-x86_64 0.1.0 NOTE
r-oldrel-windows-ix86+x86_64 0.1.0 40.00 64.00 104.00 OK
r-oldrel-osx-x86_64 0.1.0 NOTE

Check Details

Version: 0.1.0
Check: Rd cross-references
Result: NOTE
    Package unavailable to check Rd xrefs: 'Starr'
Flavors: r-devel-linux-x86_64-debian-clang, r-devel-linux-x86_64-debian-gcc, r-patched-linux-x86_64, r-patched-solaris-x86, r-release-linux-x86_64, r-oldrel-osx-x86_64

Version: 0.1.0
Check: compiled code
Result: NOTE
    File ‘AhoCorasickTrie/libs/AhoCorasickTrie.so’:
     Found no calls to: ‘R_registerRoutines’, ‘R_useDynamicSymbols’
    
    It is good practice to register native routines and to disable symbol
    search.
    
    See ‘Writing portable packages’ in the ‘Writing R Extensions’ manual.
Flavors: r-devel-linux-x86_64-fedora-clang, r-devel-linux-x86_64-fedora-gcc

Version: 0.1.0
Check: package dependencies
Result: NOTE
    Package suggested but not available for checking: ‘Biostrings’
Flavor: r-release-osx-x86_64

Version: 0.1.0
Check: Rd cross-references
Result: NOTE
    Packages unavailable to check Rd xrefs: ‘Biostrings’, ‘Starr’
Flavor: r-release-osx-x86_64