CRAN Package Check Results for Package AdhereR

Last updated on 2019-09-19 14:46:41 CEST.

Flavor Version Tinstall Tcheck Ttotal Status Flags
r-devel-linux-x86_64-debian-clang 0.5 17.67 129.92 147.59 OK
r-devel-linux-x86_64-debian-gcc 0.5 14.87 106.38 121.25 OK
r-devel-linux-x86_64-fedora-clang 0.5 146.09 OK
r-devel-linux-x86_64-fedora-gcc 0.5 145.65 OK
r-devel-windows-ix86+x86_64 0.5 58.00 128.00 186.00 OK
r-patched-linux-x86_64 0.5 15.98 124.58 140.56 OK
r-patched-solaris-x86 0.5 192.80 NOTE
r-release-linux-x86_64 0.5 16.71 125.88 142.59 OK
r-release-windows-ix86+x86_64 0.5 35.00 141.00 176.00 OK
r-release-osx-x86_64 0.5 OK
r-oldrel-windows-ix86+x86_64 0.5 28.00 114.00 142.00 OK
r-oldrel-osx-x86_64 0.5 OK

Check Details

Version: 0.5
Check: installed package size
Result: NOTE
     installed size is 5.2Mb
     sub-directories of 1Mb or more:
     doc 2.8Mb
Flavor: r-patched-solaris-x86