CRAN Package Check Results for Package AdMit

Last updated on 2018-10-19 00:49:52 CEST.

Flavor Version Tinstall Tcheck Ttotal Status Flags
r-devel-linux-x86_64-debian-clang 2.1.3 2.62 40.58 43.20 OK
r-devel-linux-x86_64-debian-gcc 2.1.3 1.90 31.86 33.76 OK
r-devel-linux-x86_64-fedora-clang 2.1.3 52.83 NOTE
r-devel-linux-x86_64-fedora-gcc 2.1.3 49.94 NOTE
r-devel-windows-ix86+x86_64 2.1.3 12.00 67.00 79.00 OK
r-patched-linux-x86_64 2.1.3 1.87 38.56 40.43 OK
r-patched-solaris-x86 2.1.3 69.00 OK
r-release-linux-x86_64 2.1.3 2.15 38.42 40.57 OK
r-release-windows-ix86+x86_64 2.1.3 8.00 91.00 99.00 OK
r-release-osx-x86_64 2.1.3 OK
r-oldrel-windows-ix86+x86_64 2.1.3 7.00 88.00 95.00 OK
r-oldrel-osx-x86_64 2.1.3 OK

Check Details

Version: 2.1.3
Check: compiled code
Result: NOTE
    File ‘AdMit/libs/AdMit.so’:
     Found no calls to: ‘R_registerRoutines’, ‘R_useDynamicSymbols’
    
    It is good practice to register native routines and to disable symbol
    search.
    
    See ‘Writing portable packages’ in the ‘Writing R Extensions’ manual.
Flavors: r-devel-linux-x86_64-fedora-clang, r-devel-linux-x86_64-fedora-gcc