CRAN Package Check Results for Package AdMit

Last updated on 2017-12-18 18:47:01 CET.

Flavor Version Tinstall Tcheck Ttotal Status Flags
r-devel-linux-x86_64-debian-clang 2.1.3 1.47 37.23 38.70 NOTE
r-devel-linux-x86_64-debian-gcc 2.1.3 1.22 32.20 33.42 NOTE
r-devel-linux-x86_64-fedora-clang 2.1.3 52.86 NOTE
r-devel-linux-x86_64-fedora-gcc 2.1.3 51.52 NOTE
r-devel-windows-ix86+x86_64 2.1.3 9.00 62.00 71.00 OK
r-patched-linux-x86_64 2.1.3 1.44 40.67 42.11 NOTE
r-patched-solaris-x86 2.1.3 63.40 OK
r-release-linux-x86_64 2.1.3 1.55 41.02 42.57 NOTE
r-release-windows-ix86+x86_64 2.1.3 7.00 87.00 94.00 OK
r-release-osx-x86_64 2.1.3 OK
r-oldrel-windows-ix86+x86_64 2.1.3 11.00 79.00 90.00 OK
r-oldrel-osx-x86_64 2.1.3 OK

Check Details

Version: 2.1.3
Check: compiled code
Result: NOTE
    File ‘AdMit/libs/AdMit.so’:
     Found no calls to: ‘R_registerRoutines’, ‘R_useDynamicSymbols’
    
    It is good practice to register native routines and to disable symbol
    search.
    
    See ‘Writing portable packages’ in the ‘Writing R Extensions’ manual.
Flavors: r-devel-linux-x86_64-debian-clang, r-devel-linux-x86_64-debian-gcc, r-devel-linux-x86_64-fedora-clang, r-devel-linux-x86_64-fedora-gcc, r-patched-linux-x86_64, r-release-linux-x86_64