CRAN Package Check Results for Package AdMit

Last updated on 2018-07-20 15:48:06 CEST.

Flavor Version Tinstall Tcheck Ttotal Status Flags
r-devel-linux-x86_64-debian-clang 2.1.3 2.10 40.30 42.40 NOTE
r-devel-linux-x86_64-debian-gcc 2.1.3 2.00 31.26 33.26 NOTE
r-devel-linux-x86_64-fedora-clang 2.1.3 51.00 NOTE
r-devel-linux-x86_64-fedora-gcc 2.1.3 49.80 NOTE
r-devel-windows-ix86+x86_64 2.1.3 10.00 87.00 97.00 OK
r-patched-linux-x86_64 2.1.3 2.19 39.48 41.67 NOTE
r-patched-solaris-x86 2.1.3 69.30 OK
r-release-linux-x86_64 2.1.3 2.37 39.04 41.41 NOTE
r-release-windows-ix86+x86_64 2.1.3 15.00 70.00 85.00 OK
r-release-osx-x86_64 2.1.3 OK
r-oldrel-windows-ix86+x86_64 2.1.3 9.00 69.00 78.00 OK
r-oldrel-osx-x86_64 2.1.3 OK

Check Details

Version: 2.1.3
Check: compiled code
Result: NOTE
    File ‘AdMit/libs/AdMit.so’:
     Found no calls to: ‘R_registerRoutines’, ‘R_useDynamicSymbols’
    
    It is good practice to register native routines and to disable symbol
    search.
    
    See ‘Writing portable packages’ in the ‘Writing R Extensions’ manual.
Flavors: r-devel-linux-x86_64-debian-clang, r-devel-linux-x86_64-debian-gcc, r-devel-linux-x86_64-fedora-clang, r-devel-linux-x86_64-fedora-gcc, r-patched-linux-x86_64, r-release-linux-x86_64