CRAN Package Check Results for Package AcuityView

Last updated on 2019-09-15 16:47:11 CEST.

Flavor Version Tinstall Tcheck Ttotal Status Flags
r-devel-linux-x86_64-debian-clang 0.1 3.46 30.32 33.78 NOTE
r-devel-linux-x86_64-debian-gcc 0.1 2.90 25.03 27.93 NOTE
r-devel-linux-x86_64-fedora-clang 0.1 41.76 NOTE
r-devel-linux-x86_64-fedora-gcc 0.1 43.62 NOTE
r-devel-windows-ix86+x86_64 0.1 16.00 47.00 63.00 OK
r-patched-linux-x86_64 0.1 2.98 30.41 33.39 OK
r-patched-solaris-x86 0.1 67.40 OK
r-release-linux-x86_64 0.1 3.25 30.32 33.57 OK
r-release-windows-ix86+x86_64 0.1 6.00 43.00 49.00 OK
r-release-osx-x86_64 0.1 OK
r-oldrel-windows-ix86+x86_64 0.1 7.00 46.00 53.00 OK
r-oldrel-osx-x86_64 0.1 OK

Check Details

Version: 0.1
Check: for non-standard things in the check directory
Result: NOTE
    Found the following files/directories:
     'Example.jpeg'
Flavors: r-devel-linux-x86_64-debian-clang, r-devel-linux-x86_64-debian-gcc, r-devel-linux-x86_64-fedora-clang, r-devel-linux-x86_64-fedora-gcc