CRAN Package Check Results for Package ActFrag

Last updated on 2020-01-22 16:47:28 CET.

Flavor Version Tinstall Tcheck Ttotal Status Flags
r-devel-linux-x86_64-debian-clang 0.1.0 11.88 95.40 107.28 OK
r-devel-linux-x86_64-debian-gcc 0.1.0 7.90 72.94 80.84 OK
r-devel-linux-x86_64-fedora-clang 0.1.0 131.12 NOTE
r-devel-linux-x86_64-fedora-gcc 0.1.0 129.16 NOTE
r-devel-windows-ix86+x86_64 0.1.0 38.00 141.00 179.00 OK
r-devel-windows-ix86+x86_64-gcc8 0.1.0 42.00 141.00 183.00 OK
r-patched-linux-x86_64 0.1.0 9.14 82.73 91.87 OK
r-patched-solaris-x86 0.1.0 170.70 NOTE
r-release-linux-x86_64 0.1.0 10.24 83.79 94.03 OK
r-release-windows-ix86+x86_64 0.1.0 20.00 94.00 114.00 OK
r-release-osx-x86_64 0.1.0 NOTE
r-oldrel-windows-ix86+x86_64 0.1.0 14.00 94.00 108.00 OK
r-oldrel-osx-x86_64 0.1.0 NOTE

Check Details

Version: 0.1.0
Check: dependencies in R code
Result: NOTE
    Namespace in Imports field not imported from: ‘tidyr’
     All declared Imports should be used.
Flavors: r-devel-linux-x86_64-fedora-clang, r-devel-linux-x86_64-fedora-gcc, r-patched-solaris-x86, r-release-osx-x86_64, r-oldrel-osx-x86_64