CRAN Package Check Results for Package ActFrag

Last updated on 2019-09-15 15:47:16 CEST.

Flavor Version Tinstall Tcheck Ttotal Status Flags
r-devel-linux-x86_64-debian-clang 0.1.0 10.84 86.44 97.28 OK
r-devel-linux-x86_64-debian-gcc 0.1.0 8.96 66.73 75.69 OK
r-devel-linux-x86_64-fedora-clang 0.1.0 112.09 NOTE
r-devel-linux-x86_64-fedora-gcc 0.1.0 117.06 NOTE
r-devel-windows-ix86+x86_64 0.1.0 32.00 137.00 169.00 OK
r-patched-linux-x86_64 0.1.0 9.28 81.63 90.91 OK
r-patched-solaris-x86 0.1.0 165.90 NOTE
r-release-linux-x86_64 0.1.0 8.38 81.55 89.93 OK
r-release-windows-ix86+x86_64 0.1.0 15.00 86.00 101.00 OK
r-release-osx-x86_64 0.1.0 NOTE
r-oldrel-windows-ix86+x86_64 0.1.0 18.00 157.00 175.00 OK
r-oldrel-osx-x86_64 0.1.0 NOTE

Check Details

Version: 0.1.0
Check: dependencies in R code
Result: NOTE
    Namespace in Imports field not imported from: ‘tidyr’
     All declared Imports should be used.
Flavors: r-devel-linux-x86_64-fedora-clang, r-devel-linux-x86_64-fedora-gcc, r-patched-solaris-x86, r-release-osx-x86_64, r-oldrel-osx-x86_64