CRAN Package Check Results for Package AbsFilterGSEA

Last updated on 2019-09-15 13:47:08 CEST.

Flavor Version Tinstall Tcheck Ttotal Status Flags
r-devel-linux-x86_64-debian-clang 1.5.1 41.28 153.43 194.71 NOTE
r-devel-linux-x86_64-debian-gcc 1.5.1 38.89 118.64 157.53 NOTE
r-devel-linux-x86_64-fedora-clang 1.5.1 265.73 NOTE
r-devel-linux-x86_64-fedora-gcc 1.5.1 246.39 NOTE
r-devel-windows-ix86+x86_64 1.5.1 110.00 300.00 410.00 OK
r-patched-linux-x86_64 1.5.1 35.59 144.03 179.62 OK
r-patched-solaris-x86 1.5.1 323.10 OK
r-release-linux-x86_64 1.5.1 34.90 143.16 178.06 OK
r-release-windows-ix86+x86_64 1.5.1 72.00 197.00 269.00 OK
r-release-osx-x86_64 1.5.1 ERROR
r-oldrel-windows-ix86+x86_64 1.5.1 88.00 198.00 286.00 OK
r-oldrel-osx-x86_64 1.5.1 OK

Check Details

Version: 1.5.1
Check: for non-standard things in the check directory
Result: NOTE
    Found the following files/directories:
     'geneset.txt'
Flavors: r-devel-linux-x86_64-debian-clang, r-devel-linux-x86_64-debian-gcc, r-devel-linux-x86_64-fedora-clang, r-devel-linux-x86_64-fedora-gcc

Version: 1.5.1
Check: package dependencies
Result: ERROR
    Packages required but not available: 'Biobase', 'DESeq', 'limma'
    
    See section ‘The DESCRIPTION file’ in the ‘Writing R Extensions’
    manual.
Flavor: r-release-osx-x86_64