CRAN Package Check Results for Package ATmet

Last updated on 2019-09-21 08:50:05 CEST.

Flavor Version Tinstall Tcheck Ttotal Status Flags
r-devel-linux-x86_64-debian-clang 1.2 7.70 87.82 95.52 NOTE
r-devel-linux-x86_64-debian-gcc 1.2 6.62 65.85 72.47 NOTE
r-devel-linux-x86_64-fedora-clang 1.2 196.40 NOTE
r-devel-linux-x86_64-fedora-gcc 1.2 110.37 NOTE
r-devel-windows-ix86+x86_64 1.2 31.00 360.00 391.00 NOTE
r-patched-linux-x86_64 1.2 6.79 81.74 88.53 NOTE
r-patched-solaris-x86 1.2 168.30 NOTE
r-release-linux-x86_64 1.2 6.23 82.37 88.60 NOTE
r-release-windows-ix86+x86_64 1.2 14.00 345.00 359.00 NOTE
r-release-osx-x86_64 1.2 NOTE
r-oldrel-windows-ix86+x86_64 1.2 12.00 342.00 354.00 NOTE
r-oldrel-osx-x86_64 1.2 NOTE

Check Details

Version: 1.2
Check: R code for possible problems
Result: NOTE
    LHSdesign: no visible global function definition for 'qnorm'
    LHSdesign: no visible global function definition for 'qunif'
    LHSdesign: no visible global function definition for 'qt'
    MCdesign: no visible global function definition for 'rnorm'
    MCdesign: no visible global function definition for 'runif'
    MCdesign: no visible global function definition for 'rt'
    Undefined global functions or variables:
     qnorm qt qunif rnorm rt runif
    Consider adding
     importFrom("stats", "qnorm", "qt", "qunif", "rnorm", "rt", "runif")
    to your NAMESPACE file.
Flavors: r-devel-linux-x86_64-debian-clang, r-devel-linux-x86_64-debian-gcc, r-devel-linux-x86_64-fedora-clang, r-devel-linux-x86_64-fedora-gcc, r-devel-windows-ix86+x86_64, r-patched-linux-x86_64, r-patched-solaris-x86, r-release-linux-x86_64, r-release-windows-ix86+x86_64, r-release-osx-x86_64, r-oldrel-windows-ix86+x86_64, r-oldrel-osx-x86_64