CRAN Package Check Results for Package ARTool

Last updated on 2018-09-26 08:48:00 CEST.

Flavor Version Tinstall Tcheck Ttotal Status Flags
r-devel-linux-x86_64-debian-clang 0.10.5 7.66 114.36 122.02 OK
r-devel-linux-x86_64-debian-gcc 0.10.5 0.34 1.61 1.95 ERROR
r-devel-linux-x86_64-fedora-clang 0.10.5 146.49 OK
r-devel-linux-x86_64-fedora-gcc 0.10.5 147.15 OK
r-devel-windows-ix86+x86_64 0.10.5 20.00 165.00 185.00 OK
r-patched-linux-x86_64 0.10.5 6.24 93.61 99.85 OK
r-patched-solaris-x86 0.10.5 179.10 OK
r-release-linux-x86_64 0.10.5 6.42 91.84 98.26 OK
r-release-windows-ix86+x86_64 0.10.5 20.00 167.00 187.00 OK
r-release-osx-x86_64 0.10.5 OK
r-oldrel-windows-ix86+x86_64 0.10.5 12.00 115.00 127.00 OK
r-oldrel-osx-x86_64 0.10.5 OK

Check Details

Version: 0.10.5
Check: package dependencies
Result: ERROR
    Packages required but not available: ‘car’ ‘dplyr’
    
    Packages suggested but not available for checking:
     ‘ggplot2’ ‘tidyr’ ‘lmerTest’ ‘phia’
    
    See section ‘The DESCRIPTION file’ in the ‘Writing R Extensions’
    manual.
Flavor: r-devel-linux-x86_64-debian-gcc