CRAN Package Check Results for Package ARTool

Last updated on 2017-12-11 14:48:26 CET.

Flavor Version Tinstall Tcheck Ttotal Status Flags
r-devel-linux-x86_64-debian-clang 0.10.4 4.62 92.51 97.13 OK
r-devel-linux-x86_64-debian-gcc 0.10.4 4.45 83.16 87.61 OK
r-devel-linux-x86_64-fedora-clang 0.10.4 137.86 OK
r-devel-linux-x86_64-fedora-gcc 0.10.4 139.76 OK
r-devel-windows-ix86+x86_64 0.10.4 21.00 166.00 187.00 OK
r-patched-linux-x86_64 0.10.4 5.47 115.34 120.81 OK
r-patched-solaris-x86 0.10.4 194.70 OK
r-release-linux-x86_64 0.10.4 5.01 116.00 121.01 OK
r-release-windows-ix86+x86_64 0.10.4 12.00 128.00 140.00 OK
r-release-osx-x86_64 0.10.4 WARN
r-oldrel-windows-ix86+x86_64 0.10.4 9.00 109.00 118.00 OK
r-oldrel-osx-x86_64 0.10.4 OK

Check Details

Version: 0.10.4
Check: package dependencies
Result: NOTE
    Package suggested but not available for checking: ‘Cairo’
Flavor: r-release-osx-x86_64

Version: 0.10.4
Check: re-building of vignette outputs
Result: WARN
    Error in re-building vignettes:
     ...
     Pandoc (>= 1.12.3) and/or pandoc-citeproc not available. Falling back to R Markdown v1.
    
    Attaching package: 'dplyr'
    
    The following objects are masked from 'package:stats':
    
     filter, lag
    
    The following objects are masked from 'package:base':
    
     intersect, setdiff, setequal, union
    
    Loading required package: estimability
    Loading required package: car
    
    Attaching package: 'car'
    
    The following object is masked from 'package:dplyr':
    
     recode
    
    Quitting from lines 95-107 (art-contrasts.Rmd)
    Error: processing vignette 'art-contrasts.Rmd' failed with diagnostics:
    there is no package called 'Cairo'
    Execution halted
Flavor: r-release-osx-x86_64