CRAN Package Check Results for Package ARTool

Last updated on 2018-06-18 21:47:26 CEST.

Flavor Version Tinstall Tcheck Ttotal Status Flags
r-devel-linux-x86_64-debian-clang 0.10.4 8.23 102.41 110.64 OK
r-devel-linux-x86_64-debian-gcc 0.10.4 5.89 89.91 95.80 OK
r-devel-linux-x86_64-fedora-clang 0.10.4 144.26 OK
r-devel-linux-x86_64-fedora-gcc 0.10.4 136.67 OK
r-devel-windows-ix86+x86_64 0.10.4 18.00 159.00 177.00 OK
r-patched-linux-x86_64 0.10.4 6.20 94.42 100.62 OK
r-patched-solaris-x86 0.10.4 176.10 OK
r-release-linux-x86_64 0.10.4 5.64 94.68 100.32 OK
r-release-windows-ix86+x86_64 0.10.4 12.00 107.00 119.00 OK
r-release-osx-x86_64 0.10.4 OK
r-oldrel-windows-ix86+x86_64 0.10.4 12.00 149.00 161.00 OK
r-oldrel-osx-x86_64 0.10.4 WARN

Check Details

Version: 0.10.4
Check: package dependencies
Result: NOTE
    Package suggested but not available for checking: ‘Cairo’
Flavor: r-oldrel-osx-x86_64

Version: 0.10.4
Check: re-building of vignette outputs
Result: WARN
    Error in re-building vignettes:
     ...
     Pandoc (>= 1.12.3) and/or pandoc-citeproc not available. Falling back to R Markdown v1.
    
    Attaching package: 'dplyr'
    
    The following objects are masked from 'package:stats':
    
     filter, lag
    
    The following objects are masked from 'package:base':
    
     intersect, setdiff, setequal, union
    
    Loading required package: estimability
    Loading required package: car
    
    Attaching package: 'car'
    
    The following object is masked from 'package:dplyr':
    
     recode
    
    Quitting from lines 95-107 (art-contrasts.Rmd)
    Error: processing vignette 'art-contrasts.Rmd' failed with diagnostics:
    there is no package called 'Cairo'
    Execution halted
Flavor: r-oldrel-osx-x86_64