CRAN Package Check Results for Package ARTP

Last updated on 2019-09-19 10:47:46 CEST.

Flavor Version Tinstall Tcheck Ttotal Status Flags
r-devel-linux-x86_64-debian-clang 2.0.5 13.67 70.57 84.24 WARN
r-devel-linux-x86_64-debian-gcc 2.0.5 10.78 54.01 64.79 WARN
r-devel-linux-x86_64-fedora-clang 2.0.5 101.72 OK
r-devel-linux-x86_64-fedora-gcc 2.0.5 97.95 WARN
r-devel-windows-ix86+x86_64 2.0.5 19.00 110.00 129.00 OK
r-patched-linux-x86_64 2.0.5 11.88 69.09 80.97 OK
r-patched-solaris-x86 2.0.5 133.70 OK
r-release-linux-x86_64 2.0.5 12.41 70.17 82.58 OK
r-release-windows-ix86+x86_64 2.0.5 22.00 119.00 141.00 OK
r-release-osx-x86_64 2.0.5 OK
r-oldrel-windows-ix86+x86_64 2.0.5 17.00 76.00 93.00 OK
r-oldrel-osx-x86_64 2.0.5 OK

Check Details

Version: 2.0.5
Check: whether package can be installed
Result: WARN
    Found the following significant warnings:
     code.c:1086:3: warning: ignoring return value of function declared with 'warn_unused_result' attribute [-Wunused-result]
     code.c:1162:5: warning: ignoring return value of function declared with 'warn_unused_result' attribute [-Wunused-result]
     code.c:1148:3: warning: ignoring return value of function declared with 'warn_unused_result' attribute [-Wunused-result]
Flavor: r-devel-linux-x86_64-debian-clang

Version: 2.0.5
Check: whether package can be installed
Result: WARN
    Found the following significant warnings:
     code.c:1148:3: warning: ignoring return value of ‘fgets’, declared with attribute warn_unused_result [-Wunused-result]
     code.c:1162:5: warning: ignoring return value of ‘fgets’, declared with attribute warn_unused_result [-Wunused-result]
     code.c:1086:3: warning: ignoring return value of ‘fgets’, declared with attribute warn_unused_result [-Wunused-result]
Flavors: r-devel-linux-x86_64-debian-gcc, r-devel-linux-x86_64-fedora-gcc