CRAN Package Check Results for Package APSIMBatch

Last updated on 2019-09-21 08:50:05 CEST.

Flavor Version Tinstall Tcheck Ttotal Status Flags
r-devel-linux-x86_64-debian-clang 0.1.0.2374 1.82 16.68 18.50 NOTE
r-devel-linux-x86_64-debian-gcc 0.1.0.2374 1.65 13.71 15.36 NOTE
r-devel-linux-x86_64-fedora-clang 0.1.0.2374 24.33 NOTE
r-devel-linux-x86_64-fedora-gcc 0.1.0.2374 23.05 NOTE
r-devel-windows-ix86+x86_64 0.1.0.2374 5.00 37.00 42.00 NOTE
r-patched-linux-x86_64 0.1.0.2374 1.55 16.56 18.11 NOTE
r-patched-solaris-x86 0.1.0.2374 35.10 NOTE
r-release-linux-x86_64 0.1.0.2374 1.37 16.81 18.18 NOTE
r-release-windows-ix86+x86_64 0.1.0.2374 5.00 42.00 47.00 NOTE
r-release-osx-x86_64 0.1.0.2374 NOTE
r-oldrel-windows-ix86+x86_64 0.1.0.2374 2.00 25.00 27.00 NOTE
r-oldrel-osx-x86_64 0.1.0.2374 NOTE

Check Details

Version: 0.1.0.2374
Check: DESCRIPTION meta-information
Result: NOTE
    Malformed Description field: should contain one or more complete sentences.
Flavors: r-devel-linux-x86_64-debian-clang, r-devel-linux-x86_64-debian-gcc, r-devel-linux-x86_64-fedora-clang, r-devel-linux-x86_64-fedora-gcc, r-devel-windows-ix86+x86_64, r-patched-linux-x86_64, r-patched-solaris-x86, r-release-linux-x86_64, r-release-windows-ix86+x86_64, r-release-osx-x86_64, r-oldrel-windows-ix86+x86_64, r-oldrel-osx-x86_64

Version: 0.1.0.2374
Check: R code for possible problems
Result: NOTE
    runAPSIM: warning in scan(reports_file[i], "", sep = "", skip =
     length(temp), nline = 1): partial argument match of 'nline' to
     'nlines'
    runAPSIM: no visible global function definition for 'write.table'
    runAPSIM: no visible global function definition for 'read.table'
    Undefined global functions or variables:
     read.table write.table
    Consider adding
     importFrom("utils", "read.table", "write.table")
    to your NAMESPACE file.
Flavors: r-devel-linux-x86_64-debian-clang, r-devel-linux-x86_64-debian-gcc, r-devel-linux-x86_64-fedora-clang, r-devel-linux-x86_64-fedora-gcc, r-devel-windows-ix86+x86_64, r-patched-linux-x86_64, r-patched-solaris-x86, r-release-linux-x86_64, r-release-windows-ix86+x86_64, r-release-osx-x86_64, r-oldrel-windows-ix86+x86_64, r-oldrel-osx-x86_64